[INFO] fetching crate es_runtime 0.1.4...
[INFO] checking es_runtime-0.1.4 against master#cfbc6d4cf1acbac5c025acf8ed68929caa551df3 for pr-75494-beta
[INFO] extracting crate es_runtime 0.1.4 into /workspace/builds/worker-6/source
[INFO] validating manifest of crates.io crate es_runtime 0.1.4 on toolchain cfbc6d4cf1acbac5c025acf8ed68929caa551df3
[INFO] running `Command { std: "/workspace/cargo-home/bin/cargo" "+cfbc6d4cf1acbac5c025acf8ed68929caa551df3" "read-manifest" "--manifest-path" "Cargo.toml", kill_on_drop: false }`
[INFO] started tweaking crates.io crate es_runtime 0.1.4
[INFO] finished tweaking crates.io crate es_runtime 0.1.4
[INFO] tweaked toml for crates.io crate es_runtime 0.1.4 written to /workspace/builds/worker-6/source/Cargo.toml
[INFO] running `Command { std: "/workspace/cargo-home/bin/cargo" "+cfbc6d4cf1acbac5c025acf8ed68929caa551df3" "generate-lockfile" "--manifest-path" "Cargo.toml" "-Zno-index-update", kill_on_drop: false }`
[INFO] running `Command { std: "/workspace/cargo-home/bin/cargo" "+cfbc6d4cf1acbac5c025acf8ed68929caa551df3" "fetch" "--locked" "--manifest-path" "Cargo.toml", kill_on_drop: false }`
[INFO] [stderr]     Blocking waiting for file lock on package cache
[INFO] [stderr]  Downloading crates ...
[INFO] [stderr]   Downloaded bindgen v0.49.4
[INFO] [stderr]   Downloaded lru v0.4.3
[INFO] [stderr]   Downloaded mozjs v0.10.1
[INFO] [stderr]   Downloaded simple-logging v2.0.2
[INFO] [stderr]   Downloaded mozjs_sys v0.61.13
[INFO] running `Command { std: "docker" "create" "-v" "/var/lib/crater-agent-workspace/builds/worker-6/target:/opt/rustwide/target:rw,Z" "-v" "/var/lib/crater-agent-workspace/builds/worker-6/source:/opt/rustwide/workdir:ro,Z" "-v" "/var/lib/crater-agent-workspace/cargo-home:/opt/rustwide/cargo-home:ro,Z" "-v" "/var/lib/crater-agent-workspace/rustup-home:/opt/rustwide/rustup-home:ro,Z" "-e" "SOURCE_DIR=/opt/rustwide/workdir" "-e" "CARGO_TARGET_DIR=/opt/rustwide/target" "-e" "CARGO_HOME=/opt/rustwide/cargo-home" "-e" "RUSTUP_HOME=/opt/rustwide/rustup-home" "-w" "/opt/rustwide/workdir" "-m" "1610612736" "--user" "0:0" "--network" "none" "rustops/crates-build-env@sha256:a636fd89d022f18117e1dc8fb37a0a009933cdbbe082814857f0e2024962d47c" "/opt/rustwide/cargo-home/bin/cargo" "+cfbc6d4cf1acbac5c025acf8ed68929caa551df3" "metadata" "--no-deps" "--format-version=1", kill_on_drop: false }`
[INFO] [stdout] 61af70632bf452cc65628451ee427ca4528164b990ca072a7f8a68b3dedae072
[INFO] [stderr] WARNING: Your kernel does not support swap limit capabilities or the cgroup is not mounted. Memory limited without swap.
[INFO] running `Command { std: "docker" "start" "-a" "61af70632bf452cc65628451ee427ca4528164b990ca072a7f8a68b3dedae072", kill_on_drop: false }`
[INFO] running `Command { std: "docker" "inspect" "61af70632bf452cc65628451ee427ca4528164b990ca072a7f8a68b3dedae072", kill_on_drop: false }`
[INFO] running `Command { std: "docker" "rm" "-f" "61af70632bf452cc65628451ee427ca4528164b990ca072a7f8a68b3dedae072", kill_on_drop: false }`
[INFO] [stdout] 61af70632bf452cc65628451ee427ca4528164b990ca072a7f8a68b3dedae072
[INFO] running `Command { std: "docker" "create" "-v" "/var/lib/crater-agent-workspace/builds/worker-6/target:/opt/rustwide/target:rw,Z" "-v" "/var/lib/crater-agent-workspace/builds/worker-6/source:/opt/rustwide/workdir:ro,Z" "-v" "/var/lib/crater-agent-workspace/cargo-home:/opt/rustwide/cargo-home:ro,Z" "-v" "/var/lib/crater-agent-workspace/rustup-home:/opt/rustwide/rustup-home:ro,Z" "-e" "SOURCE_DIR=/opt/rustwide/workdir" "-e" "CARGO_TARGET_DIR=/opt/rustwide/target" "-e" "CARGO_INCREMENTAL=0" "-e" "RUST_BACKTRACE=full" "-e" "RUSTFLAGS=--cap-lints=forbid" "-e" "CARGO_HOME=/opt/rustwide/cargo-home" "-e" "RUSTUP_HOME=/opt/rustwide/rustup-home" "-w" "/opt/rustwide/workdir" "-m" "1610612736" "--user" "0:0" "--network" "none" "rustops/crates-build-env@sha256:a636fd89d022f18117e1dc8fb37a0a009933cdbbe082814857f0e2024962d47c" "/opt/rustwide/cargo-home/bin/cargo" "+cfbc6d4cf1acbac5c025acf8ed68929caa551df3" "check" "--frozen" "--all" "--all-targets" "--message-format=json", kill_on_drop: false }`
[INFO] [stdout] d0b59428f564f2a3344ad0187a8ee92e4673c065b2620aaa16cf87abba500800
[INFO] [stderr] WARNING: Your kernel does not support swap limit capabilities or the cgroup is not mounted. Memory limited without swap.
[INFO] running `Command { std: "docker" "start" "-a" "d0b59428f564f2a3344ad0187a8ee92e4673c065b2620aaa16cf87abba500800", kill_on_drop: false }`
[INFO] [stderr]    Compiling libc v0.2.76
[INFO] [stderr]     Checking cfg-if v0.1.10
[INFO] [stderr]    Compiling cc v1.0.59
[INFO] [stderr]    Compiling memchr v2.3.3
[INFO] [stderr]    Compiling getrandom v0.1.14
[INFO] [stderr]    Compiling log v0.4.11
[INFO] [stderr]    Compiling version_check v0.1.5
[INFO] [stderr]    Compiling byteorder v1.3.4
[INFO] [stderr]    Compiling bitflags v1.2.1
[INFO] [stderr]    Compiling unicode-xid v0.1.0
[INFO] [stderr]     Checking lazy_static v1.4.0
[INFO] [stderr]    Compiling maybe-uninit v2.0.0
[INFO] [stderr]    Compiling pkg-config v0.3.18
[INFO] [stderr]    Compiling proc-macro-hack v0.5.18
[INFO] [stderr]    Compiling rayon-core v1.7.1
[INFO] [stderr]    Compiling autocfg v0.1.7
[INFO] [stderr]     Checking ppv-lite86 v0.2.9
[INFO] [stderr]     Checking either v1.6.0
[INFO] [stderr]    Compiling crossbeam-utils v0.7.2
[INFO] [stderr]    Compiling memoffset v0.5.5
[INFO] [stderr]    Compiling crossbeam-epoch v0.8.2
[INFO] [stderr]    Compiling rayon v1.3.1
[INFO] [stderr]    Compiling proc-macro2 v0.4.30
[INFO] [stderr]    Compiling nom v4.2.3
[INFO] [stderr]    Compiling aho-corasick v0.7.13
[INFO] [stderr]    Compiling hashbrown v0.6.3
[INFO] [stderr]    Compiling quote v0.6.13
[INFO] [stderr]    Compiling fxhash v0.2.1
[INFO] [stderr]     Checking crossbeam-queue v0.2.3
[INFO] [stderr]    Compiling atty v0.2.14
[INFO] [stderr]    Compiling backtrace v0.3.50
[INFO] [stderr]     Checking crossbeam-deque v0.7.3
[INFO] [stderr]    Compiling clap v2.33.3
[INFO] [stderr]     Checking num_cpus v1.13.0
[INFO] [stderr]     Checking thread-id v3.3.0
[INFO] [stderr]    Compiling libloading v0.5.2
[INFO] [stderr]    Compiling libz-sys v1.1.0
[INFO] [stderr]    Compiling mozjs v0.10.1
[INFO] [stderr]     Checking simple-logging v2.0.2
[INFO] [stderr]     Checking rand_core v0.5.1
[INFO] [stderr]    Compiling const-random-macro v0.1.8
[INFO] [stderr]    Compiling cexpr v0.3.6
[INFO] [stderr]    Compiling regex v1.3.9
[INFO] [stderr]     Checking rand_chacha v0.2.2
[INFO] [stderr]    Compiling clang-sys v0.28.1
[INFO] [stderr]     Checking rand v0.7.3
[INFO] [stderr]    Compiling failure v0.1.8
[INFO] [stderr]     Checking const-random v0.1.8
[INFO] [stderr]     Checking ahash v0.2.18
[INFO] [stderr]    Compiling which v2.0.1
[INFO] [stderr]     Checking lru v0.4.3
[INFO] [stderr]    Compiling env_logger v0.6.2
[INFO] [stderr]     Checking uuid v0.8.1
[INFO] [stderr]    Compiling bindgen v0.49.4
[INFO] [stderr]    Compiling mozjs_sys v0.61.13
[INFO] [stderr] error: failed to run custom build command for `mozjs_sys v0.61.13`
[INFO] [stderr] 
[INFO] [stderr] Caused by:
[INFO] [stderr]   process didn't exit successfully: `/opt/rustwide/target/debug/build/mozjs_sys-5a30dc1dddc8c22f/build-script-build` (exit code: 101)
[INFO] [stderr]   --- stdout
[INFO] [stderr]   [[ /opt/rustwide/cargo-home/registry/src/github.com-1ecc6299db9ec823/mozjs_sys-0.61.13/mozjs/js/src/configure -ot /opt/rustwide/cargo-home/registry/src/github.com-1ecc6299db9ec823/mozjs_sys-0.61.13/mozjs/js/src/configure.in ]] && touch /opt/rustwide/cargo-home/registry/src/github.com-1ecc6299db9ec823/mozjs_sys-0.61.13/mozjs/js/src/configure || true
[INFO] [stderr]   [[ /opt/rustwide/cargo-home/registry/src/github.com-1ecc6299db9ec823/mozjs_sys-0.61.13/mozjs/js/src/old-configure -ot /opt/rustwide/cargo-home/registry/src/github.com-1ecc6299db9ec823/mozjs_sys-0.61.13/mozjs/js/src/old-configure.in ]] && touch /opt/rustwide/cargo-home/registry/src/github.com-1ecc6299db9ec823/mozjs_sys-0.61.13/mozjs/js/src/old-configure || true
[INFO] [stderr]   ! [[ /opt/rustwide/cargo-home/registry/src/github.com-1ecc6299db9ec823/mozjs_sys-0.61.13/mozjs/js/src/configure.in -ot /opt/rustwide/cargo-home/registry/src/github.com-1ecc6299db9ec823/mozjs_sys-0.61.13/mozjs/js/src/configure ]] && touch /opt/rustwide/cargo-home/registry/src/github.com-1ecc6299db9ec823/mozjs_sys-0.61.13/mozjs/js/src/configure || true
[INFO] [stderr]   ! [[ /opt/rustwide/cargo-home/registry/src/github.com-1ecc6299db9ec823/mozjs_sys-0.61.13/mozjs/js/src/old-configure.in -ot /opt/rustwide/cargo-home/registry/src/github.com-1ecc6299db9ec823/mozjs_sys-0.61.13/mozjs/js/src/old-configure ]] && touch /opt/rustwide/cargo-home/registry/src/github.com-1ecc6299db9ec823/mozjs_sys-0.61.13/mozjs/js/src/old-configure || true
[INFO] [stderr]   if [[ /opt/rustwide/cargo-home/registry/src/github.com-1ecc6299db9ec823/mozjs_sys-0.61.13/mozjs/js/src/configure -nt /opt/rustwide/target/debug/build/mozjs_sys-d3075585c4dfa242/out/config.status ]] ; then \
[INFO] [stderr]     cd /opt/rustwide/target/debug/build/mozjs_sys-d3075585c4dfa242/out && \
[INFO] [stderr]     PYTHON="python2" MOZ_TOOLS="" \
[INFO] [stderr]     CC="gcc" CFLAGS="" \
[INFO] [stderr]     CPP="gcc -E" CPPFLAGS="" \
[INFO] [stderr]     CXX="g++" CXXFLAGS="" \
[INFO] [stderr]     AS="" AR="ar" \
[INFO] [stderr]     STLPORT_LIBS="" \
[INFO] [stderr]     /opt/rustwide/cargo-home/registry/src/github.com-1ecc6299db9ec823/mozjs_sys-0.61.13/mozjs/js/src/configure --disable-jemalloc --disable-js-shell --disable-tests --disable-shared-js --build-backends=RecursiveMake --enable-debug --disable-optimize --enable-gczeal --disable-shared-js || (cat config.log && exit 1) ; \
[INFO] [stderr]   fi
[INFO] [stderr]   Creating Python environment
[INFO] [stderr]   New python executable in /opt/rustwide/target/debug/build/mozjs_sys-d3075585c4dfa242/out/_virtualenv/bin/python2
[INFO] [stderr]   Also creating executable in /opt/rustwide/target/debug/build/mozjs_sys-d3075585c4dfa242/out/_virtualenv/bin/python
[INFO] [stderr]   Installing setuptools, pip, wheel...done.
[INFO] [stderr]   Traceback (most recent call last):
[INFO] [stderr]     File "/opt/rustwide/cargo-home/registry/src/github.com-1ecc6299db9ec823/mozjs_sys-0.61.13/mozjs/third_party/python/psutil/setup.py", line 224, in <module>
[INFO] [stderr]       ETHTOOL_MACRO = get_ethtool_macro()
[INFO] [stderr]     File "/opt/rustwide/cargo-home/registry/src/github.com-1ecc6299db9ec823/mozjs_sys-0.61.13/mozjs/third_party/python/psutil/setup.py", line 212, in get_ethtool_macro
[INFO] [stderr]       compiler.compile([f.name])
[INFO] [stderr]     File "/usr/lib/python2.7/distutils/ccompiler.py", line 566, in compile
[INFO] [stderr]       depends, extra_postargs)
[INFO] [stderr]     File "/usr/lib/python2.7/distutils/ccompiler.py", line 362, in _setup_compile
[INFO] [stderr]       self.mkpath(os.path.dirname(obj))
[INFO] [stderr]     File "/usr/lib/python2.7/distutils/ccompiler.py", line 883, in mkpath
[INFO] [stderr]       mkpath(name, mode, dry_run=self.dry_run)
[INFO] [stderr]     File "/usr/lib/python2.7/distutils/dir_util.py", line 76, in mkpath
[INFO] [stderr]       "could not create '%s': %s" % (head, exc.args[-1]))
[INFO] [stderr]   distutils.errors.DistutilsFileError: could not create 'tmp': Read-only file system
[INFO] [stderr] 
[INFO] [stderr]   Error processing command. Ignoring because optional. (optional:setup.py:third_party/python/psutil:build_ext:--inplace)
[INFO] [stderr]   Error processing command. Ignoring because optional. (optional:packages.txt:comm/build/virtualenv_packages.txt)
[INFO] [stderr]   Reexecuting in the virtualenv
[INFO] [stderr]   checking for vcs source checkout... no
[INFO] [stderr]   checking for a shell... /usr/bin/sh
[INFO] [stderr]   checking for host system type... x86_64-pc-linux-gnu
[INFO] [stderr]   checking for target system type... x86_64-pc-linux-gnu
[INFO] [stderr]   checking for a shell... /usr/bin/sh
[INFO] [stderr]   checking for host system type... x86_64-pc-linux-gnu
[INFO] [stderr]   checking for target system type... x86_64-pc-linux-gnu
[INFO] [stderr]   checking for android platform directory... no
[INFO] [stderr]   checking for android sysroot directory... no
[INFO] [stderr]   checking for android system directory... no
[INFO] [stderr]   checking for the Android toolchain directory... not found
[INFO] [stderr]   checking for android platform directory... no
[INFO] [stderr]   checking for android system directory... no
[INFO] [stderr]   checking for android sysroot directory... no
[INFO] [stderr]   checking for the Android toolchain directory... not found
[INFO] [stderr]   checking for vcs source checkout... no
[INFO] [stderr]   checking whether cross compiling... no
[INFO] [stderr]   checking for the target C compiler... /usr/bin/gcc
[INFO] [stderr]   checking whether the target C compiler can be used... yes
[INFO] [stderr]   checking for Python 3... /usr/bin/python3 (3.8.2)
[INFO] [stderr]   checking for pkg_config... /usr/bin/pkg-config
[INFO] [stderr]   checking for pkg-config version... 0.29.1
[INFO] [stderr]   checking for yasm... not found
[INFO] [stderr]   checking for android ndk version... no
[INFO] [stderr]   checking for GoogleVR SDK... Not specified
[INFO] [stderr]   checking the target C compiler version... 9.3.0
[INFO] [stderr]   checking the target C compiler works... yes
[INFO] [stderr]   checking for the target C++ compiler... /usr/bin/g++
[INFO] [stderr]   checking whether the target C++ compiler can be used... yes
[INFO] [stderr]   checking the target C++ compiler version... 9.3.0
[INFO] [stderr]   checking the target C++ compiler works... yes
[INFO] [stderr]   checking for the host C compiler... /usr/bin/gcc
[INFO] [stderr]   checking whether the host C compiler can be used... yes
[INFO] [stderr]   checking the host C compiler version... 9.3.0
[INFO] [stderr]   checking the host C compiler works... yes
[INFO] [stderr]   checking for the host C++ compiler... /usr/bin/g++
[INFO] [stderr]   checking whether the host C++ compiler can be used... yes
[INFO] [stderr]   checking the host C++ compiler version... 9.3.0
[INFO] [stderr]   checking the host C++ compiler works... yes
[INFO] [stderr]   checking for 64-bit OS... yes
[INFO] [stderr]   checking bindgen cflags... no
[INFO] [stderr]   checking for linker... gold
[INFO] [stderr]   checking for stdint.h... yes
[INFO] [stderr]   checking for inttypes.h... yes
[INFO] [stderr]   checking for malloc.h... yes
[INFO] [stderr]   checking for alloca.h... yes
[INFO] [stderr]   checking for sys/byteorder.h... no
[INFO] [stderr]   checking for getopt.h... yes
[INFO] [stderr]   checking for unistd.h... yes
[INFO] [stderr]   checking for nl_types.h... yes
[INFO] [stderr]   checking for cpuid.h... yes
[INFO] [stderr]   checking for sys/statvfs.h... yes
[INFO] [stderr]   checking for sys/statfs.h... yes
[INFO] [stderr]   checking for sys/vfs.h... yes
[INFO] [stderr]   checking for sys/mount.h... yes
[INFO] [stderr]   checking for sys/quota.h... yes
[INFO] [stderr]   checking for linux/quota.h... yes
[INFO] [stderr]   checking for linux/if_addr.h... yes
[INFO] [stderr]   checking for linux/rtnetlink.h... yes
[INFO] [stderr]   checking for sys/queue.h... yes
[INFO] [stderr]   checking for sys/types.h... yes
[INFO] [stderr]   checking for netinet/in.h... yes
[INFO] [stderr]   checking for byteswap.h... yes
[INFO] [stderr]   checking for linux/perf_event.h... yes
[INFO] [stderr]   checking for perf_event_open system call... yes
[INFO] [stderr]   checking whether the C compiler supports -Wunreachable-code-return... no
[INFO] [stderr]   checking whether the C++ compiler supports -Wunreachable-code-return... no
[INFO] [stderr]   checking whether the C compiler supports -Wclass-varargs... no
[INFO] [stderr]   checking whether the C++ compiler supports -Wclass-varargs... no
[INFO] [stderr]   checking whether the C compiler supports -Wloop-analysis... no
[INFO] [stderr]   checking whether the C++ compiler supports -Wloop-analysis... no
[INFO] [stderr]   checking whether the C++ compiler supports -Wc++1z-compat... yes
[INFO] [stderr]   checking whether the C++ compiler supports -Wcomma... no
[INFO] [stderr]   checking whether the C compiler supports -Wduplicated-cond... yes
[INFO] [stderr]   checking whether the C++ compiler supports -Wduplicated-cond... yes
[INFO] [stderr]   checking whether the C++ compiler supports -Wimplicit-fallthrough... yes
[INFO] [stderr]   checking whether the C compiler supports -Wstring-conversion... no
[INFO] [stderr]   checking whether the C++ compiler supports -Wstring-conversion... no
[INFO] [stderr]   checking whether the C++ compiler supports -Wno-inline-new-delete... no
[INFO] [stderr]   checking whether the C compiler supports -Wno-error=maybe-uninitialized... yes
[INFO] [stderr]   checking whether the C++ compiler supports -Wno-error=maybe-uninitialized... yes
[INFO] [stderr]   checking whether the C compiler supports -Wno-error=deprecated-declarations... yes
[INFO] [stderr]   checking whether the C++ compiler supports -Wno-error=deprecated-declarations... yes
[INFO] [stderr]   checking whether the C compiler supports -Wno-error=array-bounds... yes
[INFO] [stderr]   checking whether the C++ compiler supports -Wno-error=array-bounds... yes
[INFO] [stderr]   checking whether the C compiler supports -Wno-error=free-nonheap-object... yes
[INFO] [stderr]   checking whether the C++ compiler supports -Wno-error=free-nonheap-object... yes
[INFO] [stderr]   checking whether the C compiler supports -Wformat... yes
[INFO] [stderr]   checking whether the C++ compiler supports -Wformat... yes
[INFO] [stderr]   checking whether the C compiler supports -Wformat-security... yes
[INFO] [stderr]   checking whether the C++ compiler supports -Wformat-security... yes
[INFO] [stderr]   checking whether the C compiler supports -Wformat-overflow=2... yes
[INFO] [stderr]   checking whether the C++ compiler supports -Wformat-overflow=2... yes
[INFO] [stderr]   checking whether the C compiler supports -Wno-gnu-zero-variadic-macro-arguments... no
[INFO] [stderr]   checking whether the C++ compiler supports -Wno-gnu-zero-variadic-macro-arguments... no
[INFO] [stderr]   checking whether the C++ compiler supports -Wno-noexcept-type... yes
[INFO] [stderr]   checking whether the C++ compiler supports -fno-sized-deallocation... yes
[INFO] [stderr]   checking for awk... /usr/bin/mawk
[INFO] [stderr]   checking for perl... /usr/bin/perl
[INFO] [stderr]   checking for minimum required perl version >= 5.006... 5.030000
[INFO] [stderr]   checking for full perl installation... yes
[INFO] [stderr]   checking for gmake... /usr/bin/make
[INFO] [stderr]   checking for watchman... not found
[INFO] [stderr]   checking for xargs... /usr/bin/xargs
[INFO] [stderr]   checking for rpmbuild... not found
[INFO] [stderr]   checking for autoconf... INFO: checking for vcs source checkout... 
[INFO] [stderr]   INFO: no
[INFO] [stderr]   INFO: checking for a shell... 
[INFO] [stderr]   INFO: /usr/bin/sh
[INFO] [stderr]   INFO: checking for host system type... 
[INFO] [stderr]   INFO: x86_64-pc-linux-gnu
[INFO] [stderr]   INFO: checking for target system type... 
[INFO] [stderr]   INFO: x86_64-pc-linux-gnu
[INFO] [stderr]   INFO: checking for a shell... 
[INFO] [stderr]   INFO: /usr/bin/sh
[INFO] [stderr]   INFO: checking for host system type... 
[INFO] [stderr]   INFO: x86_64-pc-linux-gnu
[INFO] [stderr]   INFO: checking for target system type... 
[INFO] [stderr]   INFO: x86_64-pc-linux-gnu
[INFO] [stderr]   INFO: checking for android platform directory... 
[INFO] [stderr]   INFO: no
[INFO] [stderr]   INFO: checking for android sysroot directory... 
[INFO] [stderr]   INFO: no
[INFO] [stderr]   INFO: checking for android system directory... 
[INFO] [stderr]   INFO: no
[INFO] [stderr]   INFO: checking for the Android toolchain directory... 
[INFO] [stderr]   INFO: not found
[INFO] [stderr]   INFO: checking for android platform directory... 
[INFO] [stderr]   INFO: no
[INFO] [stderr]   INFO: checking for android system directory... 
[INFO] [stderr]   INFO: no
[INFO] [stderr]   INFO: checking for android sysroot directory... 
[INFO] [stderr]   INFO: no
[INFO] [stderr]   INFO: checking for the Android toolchain directory... 
[INFO] [stderr]   INFO: not found
[INFO] [stderr]   INFO: checking for vcs source checkout... 
[INFO] [stderr]   INFO: no
[INFO] [stderr]   INFO: checking whether cross compiling... 
[INFO] [stderr]   INFO: no
[INFO] [stderr]   INFO: checking for the target C compiler... 
[INFO] [stderr]   DEBUG: _cc: Trying gcc
[INFO] [stderr]   INFO: /usr/bin/gcc
[INFO] [stderr]   INFO: checking whether the target C compiler can be used... 
[INFO] [stderr]   DEBUG: Creating `/tmp/conftest.J5ZcbT.c` with content:
[INFO] [stderr]   DEBUG: | #if defined(_MSC_VER)
[INFO] [stderr]   DEBUG: | #if defined(__clang__)
[INFO] [stderr]   DEBUG: | %COMPILER "clang-cl"
[INFO] [stderr]   DEBUG: | %VERSION _MSC_FULL_VER
[INFO] [stderr]   DEBUG: | #else
[INFO] [stderr]   DEBUG: | %COMPILER "msvc"
[INFO] [stderr]   DEBUG: | %VERSION _MSC_FULL_VER
[INFO] [stderr]   DEBUG: | #endif
[INFO] [stderr]   DEBUG: | #elif defined(__clang__)
[INFO] [stderr]   DEBUG: | %COMPILER "clang"
[INFO] [stderr]   DEBUG: | #  if !__cplusplus || __has_feature(cxx_alignof)
[INFO] [stderr]   DEBUG: | %VERSION __clang_major__.__clang_minor__.__clang_patchlevel__
[INFO] [stderr]   DEBUG: | #  endif
[INFO] [stderr]   DEBUG: | #elif defined(__GNUC__)
[INFO] [stderr]   DEBUG: | %COMPILER "gcc"
[INFO] [stderr]   DEBUG: | %VERSION __GNUC__.__GNUC_MINOR__.__GNUC_PATCHLEVEL__
[INFO] [stderr]   DEBUG: | #endif
[INFO] [stderr]   DEBUG: | 
[INFO] [stderr]   DEBUG: | #if __cplusplus
[INFO] [stderr]   DEBUG: | %cplusplus __cplusplus
[INFO] [stderr]   DEBUG: | #elif __STDC_VERSION__
[INFO] [stderr]   DEBUG: | %STDC_VERSION __STDC_VERSION__
[INFO] [stderr]   DEBUG: | #elif __STDC__
[INFO] [stderr]   DEBUG: | %STDC_VERSION 198900L
[INFO] [stderr]   DEBUG: | #endif
[INFO] [stderr]   DEBUG: | #if __i386__ || _M_IX86
[INFO] [stderr]   DEBUG: | %CPU "x86"
[INFO] [stderr]   DEBUG: | #elif __x86_64__ || _M_X64
[INFO] [stderr]   DEBUG: | %CPU "x86_64"
[INFO] [stderr]   DEBUG: | #elif __arm__ || _M_ARM
[INFO] [stderr]   DEBUG: | %CPU "arm"
[INFO] [stderr]   DEBUG: | #elif __aarch64__
[INFO] [stderr]   DEBUG: | %CPU "aarch64"
[INFO] [stderr]   DEBUG: | #elif __ia64__
[INFO] [stderr]   DEBUG: | %CPU "ia64"
[INFO] [stderr]   DEBUG: | #elif __s390x__
[INFO] [stderr]   DEBUG: | %CPU "s390x"
[INFO] [stderr]   DEBUG: | #elif __s390__
[INFO] [stderr]   DEBUG: | %CPU "s390"
[INFO] [stderr]   DEBUG: | #elif __powerpc64__
[INFO] [stderr]   DEBUG: | %CPU "ppc64"
[INFO] [stderr]   DEBUG: | #elif __powerpc__
[INFO] [stderr]   DEBUG: | %CPU "ppc"
[INFO] [stderr]   DEBUG: | #elif __alpha__
[INFO] [stderr]   DEBUG: | %CPU "Alpha"
[INFO] [stderr]   DEBUG: | #elif __hppa__
[INFO] [stderr]   DEBUG: | %CPU "hppa"
[INFO] [stderr]   DEBUG: | #elif __sparc__ && __arch64__
[INFO] [stderr]   DEBUG: | %CPU "sparc64"
[INFO] [stderr]   DEBUG: | #elif __sparc__
[INFO] [stderr]   DEBUG: | %CPU "sparc"
[INFO] [stderr]   DEBUG: | #elif __mips64
[INFO] [stderr]   DEBUG: | %CPU "mips64"
[INFO] [stderr]   DEBUG: | #elif __mips__
[INFO] [stderr]   DEBUG: | %CPU "mips32"
[INFO] [stderr]   DEBUG: | #elif __sh__
[INFO] [stderr]   DEBUG: | %CPU "sh4"
[INFO] [stderr]   DEBUG: | #endif
[INFO] [stderr]   DEBUG: | #if __FreeBSD_kernel__
[INFO] [stderr]   DEBUG: | %KERNEL "kFreeBSD"
[INFO] [stderr]   DEBUG: | #elif __DragonFly__
[INFO] [stderr]   DEBUG: | %KERNEL "DragonFly"
[INFO] [stderr]   DEBUG: | #elif __OpenBSD__
[INFO] [stderr]   DEBUG: | %KERNEL "OpenBSD"
[INFO] [stderr]   DEBUG: | #elif __sun__
[INFO] [stderr]   DEBUG: | %KERNEL "SunOS"
[INFO] [stderr]   DEBUG: | #elif __FreeBSD__
[INFO] [stderr]   DEBUG: | %KERNEL "FreeBSD"
[INFO] [stderr]   DEBUG: | #elif __linux__
[INFO] [stderr]   DEBUG: | %KERNEL "Linux"
[INFO] [stderr]   DEBUG: | #elif _WIN32 || __CYGWIN__
[INFO] [stderr]   DEBUG: | %KERNEL "WINNT"
[INFO] [stderr]   DEBUG: | #elif __NetBSD__
[INFO] [stderr]   DEBUG: | %KERNEL "NetBSD"
[INFO] [stderr]   DEBUG: | #elif __APPLE__
[INFO] [stderr]   DEBUG: | %KERNEL "Darwin"
[INFO] [stderr]   DEBUG: | #endif
[INFO] [stderr]   DEBUG: | #if _MSC_VER || __BYTE_ORDER__ == __ORDER_LITTLE_ENDIAN__
[INFO] [stderr]   DEBUG: | %ENDIANNESS "little"
[INFO] [stderr]   DEBUG: | #elif __BYTE_ORDER__ == __ORDER_BIG_ENDIAN__
[INFO] [stderr]   DEBUG: | %ENDIANNESS "big"
[INFO] [stderr]   DEBUG: | #endif
[INFO] [stderr]   DEBUG: Executing: `/usr/bin/gcc -E /tmp/conftest.J5ZcbT.c`
[INFO] [stderr]   DEBUG: COMPILER = gcc
[INFO] [stderr]   DEBUG: VERSION = 9.3.0
[INFO] [stderr]   DEBUG: STDC_VERSION = 201710L
[INFO] [stderr]   DEBUG: CPU = x86_64
[INFO] [stderr]   DEBUG: KERNEL = Linux
[INFO] [stderr]   DEBUG: ENDIANNESS = little
[INFO] [stderr]   DEBUG: Creating `/tmp/conftest.1u3Aam.c` with content:
[INFO] [stderr]   DEBUG: | #if defined(_MSC_VER)
[INFO] [stderr]   DEBUG: | #if defined(__clang__)
[INFO] [stderr]   DEBUG: | %COMPILER "clang-cl"
[INFO] [stderr]   DEBUG: | %VERSION _MSC_FULL_VER
[INFO] [stderr]   DEBUG: | #else
[INFO] [stderr]   DEBUG: | %COMPILER "msvc"
[INFO] [stderr]   DEBUG: | %VERSION _MSC_FULL_VER
[INFO] [stderr]   DEBUG: | #endif
[INFO] [stderr]   DEBUG: | #elif defined(__clang__)
[INFO] [stderr]   DEBUG: | %COMPILER "clang"
[INFO] [stderr]   DEBUG: | #  if !__cplusplus || __has_feature(cxx_alignof)
[INFO] [stderr]   DEBUG: | %VERSION __clang_major__.__clang_minor__.__clang_patchlevel__
[INFO] [stderr]   DEBUG: | #  endif
[INFO] [stderr]   DEBUG: | #elif defined(__GNUC__)
[INFO] [stderr]   DEBUG: | %COMPILER "gcc"
[INFO] [stderr]   DEBUG: | %VERSION __GNUC__.__GNUC_MINOR__.__GNUC_PATCHLEVEL__
[INFO] [stderr]   DEBUG: | #endif
[INFO] [stderr]   DEBUG: | 
[INFO] [stderr]   DEBUG: | #if __cplusplus
[INFO] [stderr]   DEBUG: | %cplusplus __cplusplus
[INFO] [stderr]   DEBUG: | #elif __STDC_VERSION__
[INFO] [stderr]   DEBUG: | %STDC_VERSION __STDC_VERSION__
[INFO] [stderr]   DEBUG: | #elif __STDC__
[INFO] [stderr]   DEBUG: | %STDC_VERSION 198900L
[INFO] [stderr]   DEBUG: | #endif
[INFO] [stderr]   DEBUG: | #if __i386__ || _M_IX86
[INFO] [stderr]   DEBUG: | %CPU "x86"
[INFO] [stderr]   DEBUG: | #elif __x86_64__ || _M_X64
[INFO] [stderr]   DEBUG: | %CPU "x86_64"
[INFO] [stderr]   DEBUG: | #elif __arm__ || _M_ARM
[INFO] [stderr]   DEBUG: | %CPU "arm"
[INFO] [stderr]   DEBUG: | #elif __aarch64__
[INFO] [stderr]   DEBUG: | %CPU "aarch64"
[INFO] [stderr]   DEBUG: | #elif __ia64__
[INFO] [stderr]   DEBUG: | %CPU "ia64"
[INFO] [stderr]   DEBUG: | #elif __s390x__
[INFO] [stderr]   DEBUG: | %CPU "s390x"
[INFO] [stderr]   DEBUG: | #elif __s390__
[INFO] [stderr]   DEBUG: | %CPU "s390"
[INFO] [stderr]   DEBUG: | #elif __powerpc64__
[INFO] [stderr]   DEBUG: | %CPU "ppc64"
[INFO] [stderr]   DEBUG: | #elif __powerpc__
[INFO] [stderr]   DEBUG: | %CPU "ppc"
[INFO] [stderr]   DEBUG: | #elif __alpha__
[INFO] [stderr]   DEBUG: | %CPU "Alpha"
[INFO] [stderr]   DEBUG: | #elif __hppa__
[INFO] [stderr]   DEBUG: | %CPU "hppa"
[INFO] [stderr]   DEBUG: | #elif __sparc__ && __arch64__
[INFO] [stderr]   DEBUG: | %CPU "sparc64"
[INFO] [stderr]   DEBUG: | #elif __sparc__
[INFO] [stderr]   DEBUG: | %CPU "sparc"
[INFO] [stderr]   DEBUG: | #elif __mips64
[INFO] [stderr]   DEBUG: | %CPU "mips64"
[INFO] [stderr]   DEBUG: | #elif __mips__
[INFO] [stderr]   DEBUG: | %CPU "mips32"
[INFO] [stderr]   DEBUG: | #elif __sh__
[INFO] [stderr]   DEBUG: | %CPU "sh4"
[INFO] [stderr]   DEBUG: | #endif
[INFO] [stderr]   DEBUG: | #if __FreeBSD_kernel__
[INFO] [stderr]   DEBUG: | %KERNEL "kFreeBSD"
[INFO] [stderr]   DEBUG: | #elif __DragonFly__
[INFO] [stderr]   DEBUG: | %KERNEL "DragonFly"
[INFO] [stderr]   DEBUG: | #elif __OpenBSD__
[INFO] [stderr]   DEBUG: | %KERNEL "OpenBSD"
[INFO] [stderr]   DEBUG: | #elif __sun__
[INFO] [stderr]   DEBUG: | %KERNEL "SunOS"
[INFO] [stderr]   DEBUG: | #elif __FreeBSD__
[INFO] [stderr]   DEBUG: | %KERNEL "FreeBSD"
[INFO] [stderr]   DEBUG: | #elif __linux__
[INFO] [stderr]   DEBUG: | %KERNEL "Linux"
[INFO] [stderr]   DEBUG: | #elif _WIN32 || __CYGWIN__
[INFO] [stderr]   DEBUG: | %KERNEL "WINNT"
[INFO] [stderr]   DEBUG: | #elif __NetBSD__
[INFO] [stderr]   DEBUG: | %KERNEL "NetBSD"
[INFO] [stderr]   DEBUG: | #elif __APPLE__
[INFO] [stderr]   DEBUG: | %KERNEL "Darwin"
[INFO] [stderr]   DEBUG: | #endif
[INFO] [stderr]   DEBUG: | #if _MSC_VER || __BYTE_ORDER__ == __ORDER_LITTLE_ENDIAN__
[INFO] [stderr]   DEBUG: | %ENDIANNESS "little"
[INFO] [stderr]   DEBUG: | #elif __BYTE_ORDER__ == __ORDER_BIG_ENDIAN__
[INFO] [stderr]   DEBUG: | %ENDIANNESS "big"
[INFO] [stderr]   DEBUG: | #endif
[INFO] [stderr]   DEBUG: Executing: `/usr/bin/gcc -std=gnu99 -E /tmp/conftest.1u3Aam.c`
[INFO] [stderr]   DEBUG: COMPILER = gcc
[INFO] [stderr]   DEBUG: VERSION = 9.3.0
[INFO] [stderr]   DEBUG: STDC_VERSION = 199901L
[INFO] [stderr]   DEBUG: CPU = x86_64
[INFO] [stderr]   DEBUG: KERNEL = Linux
[INFO] [stderr]   DEBUG: ENDIANNESS = little
[INFO] [stderr]   INFO: yes
[INFO] [stderr]   INFO: checking for Python 3... 
[INFO] [stderr]   INFO: /usr/bin/python3 (3.8.2)
[INFO] [stderr]   INFO: checking for pkg_config... 
[INFO] [stderr]   DEBUG: pkg_config: Trying pkg-config
[INFO] [stderr]   INFO: /usr/bin/pkg-config
[INFO] [stderr]   INFO: checking for pkg-config version... 
[INFO] [stderr]   DEBUG: Executing: `/usr/bin/pkg-config --version`
[INFO] [stderr]   INFO: 0.29.1
[INFO] [stderr]   INFO: checking for yasm... 
[INFO] [stderr]   DEBUG: yasm: Trying yasm
[INFO] [stderr]   INFO: not found
[INFO] [stderr]   INFO: checking for android ndk version... 
[INFO] [stderr]   INFO: no
[INFO] [stderr]   INFO: checking for GoogleVR SDK... 
[INFO] [stderr]   INFO: Not specified
[INFO] [stderr]   INFO: checking the target C compiler version... 
[INFO] [stderr]   INFO: 9.3.0
[INFO] [stderr]   INFO: checking the target C compiler works... 
[INFO] [stderr]   DEBUG: Creating `/tmp/conftest.sARBLC.c` with content:
[INFO] [stderr]   DEBUG: | 
[INFO] [stderr]   DEBUG: | int
[INFO] [stderr]   DEBUG: | main(void)
[INFO] [stderr]   DEBUG: | {
[INFO] [stderr]   DEBUG: | 
[INFO] [stderr]   DEBUG: |   ;
[INFO] [stderr]   DEBUG: |   return 0;
[INFO] [stderr]   DEBUG: | }
[INFO] [stderr]   DEBUG: Executing: `/usr/bin/gcc -std=gnu99 -c /tmp/conftest.sARBLC.c`
[INFO] [stderr]   INFO: yes
[INFO] [stderr]   INFO: checking for the target C++ compiler... 
[INFO] [stderr]   DEBUG: _cxx: Trying g++
[INFO] [stderr]   INFO: /usr/bin/g++
[INFO] [stderr]   INFO: checking whether the target C++ compiler can be used... 
[INFO] [stderr]   DEBUG: Creating `/tmp/conftest.mEU4GS.cpp` with content:
[INFO] [stderr]   DEBUG: | #if defined(_MSC_VER)
[INFO] [stderr]   DEBUG: | #if defined(__clang__)
[INFO] [stderr]   DEBUG: | %COMPILER "clang-cl"
[INFO] [stderr]   DEBUG: | %VERSION _MSC_FULL_VER
[INFO] [stderr]   DEBUG: | #else
[INFO] [stderr]   DEBUG: | %COMPILER "msvc"
[INFO] [stderr]   DEBUG: | %VERSION _MSC_FULL_VER
[INFO] [stderr]   DEBUG: | #endif
[INFO] [stderr]   DEBUG: | #elif defined(__clang__)
[INFO] [stderr]   DEBUG: | %COMPILER "clang"
[INFO] [stderr]   DEBUG: | #  if !__cplusplus || __has_feature(cxx_alignof)
[INFO] [stderr]   DEBUG: | %VERSION __clang_major__.__clang_minor__.__clang_patchlevel__
[INFO] [stderr]   DEBUG: | #  endif
[INFO] [stderr]   DEBUG: | #elif defined(__GNUC__)
[INFO] [stderr]   DEBUG: | %COMPILER "gcc"
[INFO] [stderr]   DEBUG: | %VERSION __GNUC__.__GNUC_MINOR__.__GNUC_PATCHLEVEL__
[INFO] [stderr]   DEBUG: | #endif
[INFO] [stderr]   DEBUG: | 
[INFO] [stderr]   DEBUG: | #if __cplusplus
[INFO] [stderr]   DEBUG: | %cplusplus __cplusplus
[INFO] [stderr]   DEBUG: | #elif __STDC_VERSION__
[INFO] [stderr]   DEBUG: | %STDC_VERSION __STDC_VERSION__
[INFO] [stderr]   DEBUG: | #elif __STDC__
[INFO] [stderr]   DEBUG: | %STDC_VERSION 198900L
[INFO] [stderr]   DEBUG: | #endif
[INFO] [stderr]   DEBUG: | #if __i386__ || _M_IX86
[INFO] [stderr]   DEBUG: | %CPU "x86"
[INFO] [stderr]   DEBUG: | #elif __x86_64__ || _M_X64
[INFO] [stderr]   DEBUG: | %CPU "x86_64"
[INFO] [stderr]   DEBUG: | #elif __arm__ || _M_ARM
[INFO] [stderr]   DEBUG: | %CPU "arm"
[INFO] [stderr]   DEBUG: | #elif __aarch64__
[INFO] [stderr]   DEBUG: | %CPU "aarch64"
[INFO] [stderr]   DEBUG: | #elif __ia64__
[INFO] [stderr]   DEBUG: | %CPU "ia64"
[INFO] [stderr]   DEBUG: | #elif __s390x__
[INFO] [stderr]   DEBUG: | %CPU "s390x"
[INFO] [stderr]   DEBUG: | #elif __s390__
[INFO] [stderr]   DEBUG: | %CPU "s390"
[INFO] [stderr]   DEBUG: | #elif __powerpc64__
[INFO] [stderr]   DEBUG: | %CPU "ppc64"
[INFO] [stderr]   DEBUG: | #elif __powerpc__
[INFO] [stderr]   DEBUG: | %CPU "ppc"
[INFO] [stderr]   DEBUG: | #elif __alpha__
[INFO] [stderr]   DEBUG: | %CPU "Alpha"
[INFO] [stderr]   DEBUG: | #elif __hppa__
[INFO] [stderr]   DEBUG: | %CPU "hppa"
[INFO] [stderr]   DEBUG: | #elif __sparc__ && __arch64__
[INFO] [stderr]   DEBUG: | %CPU "sparc64"
[INFO] [stderr]   DEBUG: | #elif __sparc__
[INFO] [stderr]   DEBUG: | %CPU "sparc"
[INFO] [stderr]   DEBUG: | #elif __mips64
[INFO] [stderr]   DEBUG: | %CPU "mips64"
[INFO] [stderr]   DEBUG: | #elif __mips__
[INFO] [stderr]   DEBUG: | %CPU "mips32"
[INFO] [stderr]   DEBUG: | #elif __sh__
[INFO] [stderr]   DEBUG: | %CPU "sh4"
[INFO] [stderr]   DEBUG: | #endif
[INFO] [stderr]   DEBUG: | #if __FreeBSD_kernel__
[INFO] [stderr]   DEBUG: | %KERNEL "kFreeBSD"
[INFO] [stderr]   DEBUG: | #elif __DragonFly__
[INFO] [stderr]   DEBUG: | %KERNEL "DragonFly"
[INFO] [stderr]   DEBUG: | #elif __OpenBSD__
[INFO] [stderr]   DEBUG: | %KERNEL "OpenBSD"
[INFO] [stderr]   DEBUG: | #elif __sun__
[INFO] [stderr]   DEBUG: | %KERNEL "SunOS"
[INFO] [stderr]   DEBUG: | #elif __FreeBSD__
[INFO] [stderr]   DEBUG: | %KERNEL "FreeBSD"
[INFO] [stderr]   DEBUG: | #elif __linux__
[INFO] [stderr]   DEBUG: | %KERNEL "Linux"
[INFO] [stderr]   DEBUG: | #elif _WIN32 || __CYGWIN__
[INFO] [stderr]   DEBUG: | %KERNEL "WINNT"
[INFO] [stderr]   DEBUG: | #elif __NetBSD__
[INFO] [stderr]   DEBUG: | %KERNEL "NetBSD"
[INFO] [stderr]   DEBUG: | #elif __APPLE__
[INFO] [stderr]   DEBUG: | %KERNEL "Darwin"
[INFO] [stderr]   DEBUG: | #endif
[INFO] [stderr]   DEBUG: | #if _MSC_VER || __BYTE_ORDER__ == __ORDER_LITTLE_ENDIAN__
[INFO] [stderr]   DEBUG: | %ENDIANNESS "little"
[INFO] [stderr]   DEBUG: | #elif __BYTE_ORDER__ == __ORDER_BIG_ENDIAN__
[INFO] [stderr]   DEBUG: | %ENDIANNESS "big"
[INFO] [stderr]   DEBUG: | #endif
[INFO] [stderr]   DEBUG: Executing: `/usr/bin/g++ -E /tmp/conftest.mEU4GS.cpp`
[INFO] [stderr]   DEBUG: COMPILER = gcc
[INFO] [stderr]   DEBUG: VERSION = 9.3.0
[INFO] [stderr]   DEBUG: cplusplus = 201402L
[INFO] [stderr]   DEBUG: CPU = x86_64
[INFO] [stderr]   DEBUG: KERNEL = Linux
[INFO] [stderr]   DEBUG: ENDIANNESS = little
[INFO] [stderr]   INFO: yes
[INFO] [stderr]   INFO: checking the target C++ compiler version... 
[INFO] [stderr]   INFO: 9.3.0
[INFO] [stderr]   INFO: checking the target C++ compiler works... 
[INFO] [stderr]   DEBUG: Creating `/tmp/conftest.wDBuBD.cpp` with content:
[INFO] [stderr]   DEBUG: | 
[INFO] [stderr]   DEBUG: | int
[INFO] [stderr]   DEBUG: | main(void)
[INFO] [stderr]   DEBUG: | {
[INFO] [stderr]   DEBUG: | 
[INFO] [stderr]   DEBUG: |   ;
[INFO] [stderr]   DEBUG: |   return 0;
[INFO] [stderr]   DEBUG: | }
[INFO] [stderr]   DEBUG: Executing: `/usr/bin/g++ -c /tmp/conftest.wDBuBD.cpp`
[INFO] [stderr]   INFO: yes
[INFO] [stderr]   INFO: checking for the host C compiler... 
[INFO] [stderr]   DEBUG: _host_cc: Trying /usr/bin/gcc
[INFO] [stderr]   INFO: /usr/bin/gcc
[INFO] [stderr]   INFO: checking whether the host C compiler can be used... 
[INFO] [stderr]   DEBUG: Creating `/tmp/conftest.Mk2E5q.c` with content:
[INFO] [stderr]   DEBUG: | #if defined(_MSC_VER)
[INFO] [stderr]   DEBUG: | #if defined(__clang__)
[INFO] [stderr]   DEBUG: | %COMPILER "clang-cl"
[INFO] [stderr]   DEBUG: | %VERSION _MSC_FULL_VER
[INFO] [stderr]   DEBUG: | #else
[INFO] [stderr]   DEBUG: | %COMPILER "msvc"
[INFO] [stderr]   DEBUG: | %VERSION _MSC_FULL_VER
[INFO] [stderr]   DEBUG: | #endif
[INFO] [stderr]   DEBUG: | #elif defined(__clang__)
[INFO] [stderr]   DEBUG: | %COMPILER "clang"
[INFO] [stderr]   DEBUG: | #  if !__cplusplus || __has_feature(cxx_alignof)
[INFO] [stderr]   DEBUG: | %VERSION __clang_major__.__clang_minor__.__clang_patchlevel__
[INFO] [stderr]   DEBUG: | #  endif
[INFO] [stderr]   DEBUG: | #elif defined(__GNUC__)
[INFO] [stderr]   DEBUG: | %COMPILER "gcc"
[INFO] [stderr]   DEBUG: | %VERSION __GNUC__.__GNUC_MINOR__.__GNUC_PATCHLEVEL__
[INFO] [stderr]   DEBUG: | #endif
[INFO] [stderr]   DEBUG: | 
[INFO] [stderr]   DEBUG: | #if __cplusplus
[INFO] [stderr]   DEBUG: | %cplusplus __cplusplus
[INFO] [stderr]   DEBUG: | #elif __STDC_VERSION__
[INFO] [stderr]   DEBUG: | %STDC_VERSION __STDC_VERSION__
[INFO] [stderr]   DEBUG: | #elif __STDC__
[INFO] [stderr]   DEBUG: | %STDC_VERSION 198900L
[INFO] [stderr]   DEBUG: | #endif
[INFO] [stderr]   DEBUG: | #if __i386__ || _M_IX86
[INFO] [stderr]   DEBUG: | %CPU "x86"
[INFO] [stderr]   DEBUG: | #elif __x86_64__ || _M_X64
[INFO] [stderr]   DEBUG: | %CPU "x86_64"
[INFO] [stderr]   DEBUG: | #elif __arm__ || _M_ARM
[INFO] [stderr]   DEBUG: | %CPU "arm"
[INFO] [stderr]   DEBUG: | #elif __aarch64__
[INFO] [stderr]   DEBUG: | %CPU "aarch64"
[INFO] [stderr]   DEBUG: | #elif __ia64__
[INFO] [stderr]   DEBUG: | %CPU "ia64"
[INFO] [stderr]   DEBUG: | #elif __s390x__
[INFO] [stderr]   DEBUG: | %CPU "s390x"
[INFO] [stderr]   DEBUG: | #elif __s390__
[INFO] [stderr]   DEBUG: | %CPU "s390"
[INFO] [stderr]   DEBUG: | #elif __powerpc64__
[INFO] [stderr]   DEBUG: | %CPU "ppc64"
[INFO] [stderr]   DEBUG: | #elif __powerpc__
[INFO] [stderr]   DEBUG: | %CPU "ppc"
[INFO] [stderr]   DEBUG: | #elif __alpha__
[INFO] [stderr]   DEBUG: | %CPU "Alpha"
[INFO] [stderr]   DEBUG: | #elif __hppa__
[INFO] [stderr]   DEBUG: | %CPU "hppa"
[INFO] [stderr]   DEBUG: | #elif __sparc__ && __arch64__
[INFO] [stderr]   DEBUG: | %CPU "sparc64"
[INFO] [stderr]   DEBUG: | #elif __sparc__
[INFO] [stderr]   DEBUG: | %CPU "sparc"
[INFO] [stderr]   DEBUG: | #elif __mips64
[INFO] [stderr]   DEBUG: | %CPU "mips64"
[INFO] [stderr]   DEBUG: | #elif __mips__
[INFO] [stderr]   DEBUG: | %CPU "mips32"
[INFO] [stderr]   DEBUG: | #elif __sh__
[INFO] [stderr]   DEBUG: | %CPU "sh4"
[INFO] [stderr]   DEBUG: | #endif
[INFO] [stderr]   DEBUG: | #if __FreeBSD_kernel__
[INFO] [stderr]   DEBUG: | %KERNEL "kFreeBSD"
[INFO] [stderr]   DEBUG: | #elif __DragonFly__
[INFO] [stderr]   DEBUG: | %KERNEL "DragonFly"
[INFO] [stderr]   DEBUG: | #elif __OpenBSD__
[INFO] [stderr]   DEBUG: | %KERNEL "OpenBSD"
[INFO] [stderr]   DEBUG: | #elif __sun__
[INFO] [stderr]   DEBUG: | %KERNEL "SunOS"
[INFO] [stderr]   DEBUG: | #elif __FreeBSD__
[INFO] [stderr]   DEBUG: | %KERNEL "FreeBSD"
[INFO] [stderr]   DEBUG: | #elif __linux__
[INFO] [stderr]   DEBUG: | %KERNEL "Linux"
[INFO] [stderr]   DEBUG: | #elif _WIN32 || __CYGWIN__
[INFO] [stderr]   DEBUG: | %KERNEL "WINNT"
[INFO] [stderr]   DEBUG: | #elif __NetBSD__
[INFO] [stderr]   DEBUG: | %KERNEL "NetBSD"
[INFO] [stderr]   DEBUG: | #elif __APPLE__
[INFO] [stderr]   DEBUG: | %KERNEL "Darwin"
[INFO] [stderr]   DEBUG: | #endif
[INFO] [stderr]   DEBUG: | #if _MSC_VER || __BYTE_ORDER__ == __ORDER_LITTLE_ENDIAN__
[INFO] [stderr]   DEBUG: | %ENDIANNESS "little"
[INFO] [stderr]   DEBUG: | #elif __BYTE_ORDER__ == __ORDER_BIG_ENDIAN__
[INFO] [stderr]   DEBUG: | %ENDIANNESS "big"
[INFO] [stderr]   DEBUG: | #endif
[INFO] [stderr]   DEBUG: Executing: `/usr/bin/gcc -std=gnu99 -E /tmp/conftest.Mk2E5q.c`
[INFO] [stderr]   DEBUG: COMPILER = gcc
[INFO] [stderr]   DEBUG: VERSION = 9.3.0
[INFO] [stderr]   DEBUG: STDC_VERSION = 199901L
[INFO] [stderr]   DEBUG: CPU = x86_64
[INFO] [stderr]   DEBUG: KERNEL = Linux
[INFO] [stderr]   DEBUG: ENDIANNESS = little
[INFO] [stderr]   INFO: yes
[INFO] [stderr]   INFO: checking the host C compiler version... 
[INFO] [stderr]   INFO: 9.3.0
[INFO] [stderr]   INFO: checking the host C compiler works... 
[INFO] [stderr]   DEBUG: Creating `/tmp/conftest.Mq7Fbd.c` with content:
[INFO] [stderr]   DEBUG: | 
[INFO] [stderr]   DEBUG: | int
[INFO] [stderr]   DEBUG: | main(void)
[INFO] [stderr]   DEBUG: | {
[INFO] [stderr]   DEBUG: | 
[INFO] [stderr]   DEBUG: |   ;
[INFO] [stderr]   DEBUG: |   return 0;
[INFO] [stderr]   DEBUG: | }
[INFO] [stderr]   DEBUG: Executing: `/usr/bin/gcc -std=gnu99 -c /tmp/conftest.Mq7Fbd.c`
[INFO] [stderr]   INFO: yes
[INFO] [stderr]   INFO: checking for the host C++ compiler... 
[INFO] [stderr]   DEBUG: _host_cxx: Trying /usr/bin/g++
[INFO] [stderr]   INFO: /usr/bin/g++
[INFO] [stderr]   INFO: checking whether the host C++ compiler can be used... 
[INFO] [stderr]   DEBUG: Creating `/tmp/conftest.Vplv9j.cpp` with content:
[INFO] [stderr]   DEBUG: | #if defined(_MSC_VER)
[INFO] [stderr]   DEBUG: | #if defined(__clang__)
[INFO] [stderr]   DEBUG: | %COMPILER "clang-cl"
[INFO] [stderr]   DEBUG: | %VERSION _MSC_FULL_VER
[INFO] [stderr]   DEBUG: | #else
[INFO] [stderr]   DEBUG: | %COMPILER "msvc"
[INFO] [stderr]   DEBUG: | %VERSION _MSC_FULL_VER
[INFO] [stderr]   DEBUG: | #endif
[INFO] [stderr]   DEBUG: | #elif defined(__clang__)
[INFO] [stderr]   DEBUG: | %COMPILER "clang"
[INFO] [stderr]   DEBUG: | #  if !__cplusplus || __has_feature(cxx_alignof)
[INFO] [stderr]   DEBUG: | %VERSION __clang_major__.__clang_minor__.__clang_patchlevel__
[INFO] [stderr]   DEBUG: | #  endif
[INFO] [stderr]   DEBUG: | #elif defined(__GNUC__)
[INFO] [stderr]   DEBUG: | %COMPILER "gcc"
[INFO] [stderr]   DEBUG: | %VERSION __GNUC__.__GNUC_MINOR__.__GNUC_PATCHLEVEL__
[INFO] [stderr]   DEBUG: | #endif
[INFO] [stderr]   DEBUG: | 
[INFO] [stderr]   DEBUG: | #if __cplusplus
[INFO] [stderr]   DEBUG: | %cplusplus __cplusplus
[INFO] [stderr]   DEBUG: | #elif __STDC_VERSION__
[INFO] [stderr]   DEBUG: | %STDC_VERSION __STDC_VERSION__
[INFO] [stderr]   DEBUG: | #elif __STDC__
[INFO] [stderr]   DEBUG: | %STDC_VERSION 198900L
[INFO] [stderr]   DEBUG: | #endif
[INFO] [stderr]   DEBUG: | #if __i386__ || _M_IX86
[INFO] [stderr]   DEBUG: | %CPU "x86"
[INFO] [stderr]   DEBUG: | #elif __x86_64__ || _M_X64
[INFO] [stderr]   DEBUG: | %CPU "x86_64"
[INFO] [stderr]   DEBUG: | #elif __arm__ || _M_ARM
[INFO] [stderr]   DEBUG: | %CPU "arm"
[INFO] [stderr]   DEBUG: | #elif __aarch64__
[INFO] [stderr]   DEBUG: | %CPU "aarch64"
[INFO] [stderr]   DEBUG: | #elif __ia64__
[INFO] [stderr]   DEBUG: | %CPU "ia64"
[INFO] [stderr]   DEBUG: | #elif __s390x__
[INFO] [stderr]   DEBUG: | %CPU "s390x"
[INFO] [stderr]   DEBUG: | #elif __s390__
[INFO] [stderr]   DEBUG: | %CPU "s390"
[INFO] [stderr]   DEBUG: | #elif __powerpc64__
[INFO] [stderr]   DEBUG: | %CPU "ppc64"
[INFO] [stderr]   DEBUG: | #elif __powerpc__
[INFO] [stderr]   DEBUG: | %CPU "ppc"
[INFO] [stderr]   DEBUG: | #elif __alpha__
[INFO] [stderr]   DEBUG: | %CPU "Alpha"
[INFO] [stderr]   DEBUG: | #elif __hppa__
[INFO] [stderr]   DEBUG: | %CPU "hppa"
[INFO] [stderr]   DEBUG: | #elif __sparc__ && __arch64__
[INFO] [stderr]   DEBUG: | %CPU "sparc64"
[INFO] [stderr]   DEBUG: | #elif __sparc__
[INFO] [stderr]   DEBUG: | %CPU "sparc"
[INFO] [stderr]   DEBUG: | #elif __mips64
[INFO] [stderr]   DEBUG: | %CPU "mips64"
[INFO] [stderr]   DEBUG: | #elif __mips__
[INFO] [stderr]   DEBUG: | %CPU "mips32"
[INFO] [stderr]   DEBUG: | #elif __sh__
[INFO] [stderr]   DEBUG: | %CPU "sh4"
[INFO] [stderr]   DEBUG: | #endif
[INFO] [stderr]   DEBUG: | #if __FreeBSD_kernel__
[INFO] [stderr]   DEBUG: | %KERNEL "kFreeBSD"
[INFO] [stderr]   DEBUG: | #elif __DragonFly__
[INFO] [stderr]   DEBUG: | %KERNEL "DragonFly"
[INFO] [stderr]   DEBUG: | #elif __OpenBSD__
[INFO] [stderr]   DEBUG: | %KERNEL "OpenBSD"
[INFO] [stderr]   DEBUG: | #elif __sun__
[INFO] [stderr]   DEBUG: | %KERNEL "SunOS"
[INFO] [stderr]   DEBUG: | #elif __FreeBSD__
[INFO] [stderr]   DEBUG: | %KERNEL "FreeBSD"
[INFO] [stderr]   DEBUG: | #elif __linux__
[INFO] [stderr]   DEBUG: | %KERNEL "Linux"
[INFO] [stderr]   DEBUG: | #elif _WIN32 || __CYGWIN__
[INFO] [stderr]   DEBUG: | %KERNEL "WINNT"
[INFO] [stderr]   DEBUG: | #elif __NetBSD__
[INFO] [stderr]   DEBUG: | %KERNEL "NetBSD"
[INFO] [stderr]   DEBUG: | #elif __APPLE__
[INFO] [stderr]   DEBUG: | %KERNEL "Darwin"
[INFO] [stderr]   DEBUG: | #endif
[INFO] [stderr]   DEBUG: | #if _MSC_VER || __BYTE_ORDER__ == __ORDER_LITTLE_ENDIAN__
[INFO] [stderr]   DEBUG: | %ENDIANNESS "little"
[INFO] [stderr]   DEBUG: | #elif __BYTE_ORDER__ == __ORDER_BIG_ENDIAN__
[INFO] [stderr]   DEBUG: | %ENDIANNESS "big"
[INFO] [stderr]   DEBUG: | #endif
[INFO] [stderr]   DEBUG: Executing: `/usr/bin/g++ -E /tmp/conftest.Vplv9j.cpp`
[INFO] [stderr]   DEBUG: COMPILER = gcc
[INFO] [stderr]   DEBUG: VERSION = 9.3.0
[INFO] [stderr]   DEBUG: cplusplus = 201402L
[INFO] [stderr]   DEBUG: CPU = x86_64
[INFO] [stderr]   DEBUG: KERNEL = Linux
[INFO] [stderr]   DEBUG: ENDIANNESS = little
[INFO] [stderr]   INFO: yes
[INFO] [stderr]   INFO: checking the host C++ compiler version... 
[INFO] [stderr]   INFO: 9.3.0
[INFO] [stderr]   INFO: checking the host C++ compiler works... 
[INFO] [stderr]   DEBUG: Creating `/tmp/conftest.t2alBY.cpp` with content:
[INFO] [stderr]   DEBUG: | 
[INFO] [stderr]   DEBUG: | int
[INFO] [stderr]   DEBUG: | main(void)
[INFO] [stderr]   DEBUG: | {
[INFO] [stderr]   DEBUG: | 
[INFO] [stderr]   DEBUG: |   ;
[INFO] [stderr]   DEBUG: |   return 0;
[INFO] [stderr]   DEBUG: | }
[INFO] [stderr]   DEBUG: Executing: `/usr/bin/g++ -c /tmp/conftest.t2alBY.cpp`
[INFO] [stderr]   INFO: yes
[INFO] [stderr]   INFO: checking for 64-bit OS... 
[INFO] [stderr]   DEBUG: Creating `/tmp/conftest.EhV3Sr.cpp` with content:
[INFO] [stderr]   DEBUG: | 
[INFO] [stderr]   DEBUG: | int
[INFO] [stderr]   DEBUG: | main(void)
[INFO] [stderr]   DEBUG: | {
[INFO] [stderr]   DEBUG: | static_assert(sizeof(void *) == 8, "")
[INFO] [stderr]   DEBUG: |   ;
[INFO] [stderr]   DEBUG: |   return 0;
[INFO] [stderr]   DEBUG: | }
[INFO] [stderr]   DEBUG: Executing: `/usr/bin/g++ -c /tmp/conftest.EhV3Sr.cpp`
[INFO] [stderr]   INFO: yes
[INFO] [stderr]   INFO: checking bindgen cflags... 
[INFO] [stderr]   INFO: no
[INFO] [stderr]   INFO: checking for linker... 
[INFO] [stderr]   DEBUG: Executing: `/usr/bin/gcc -std=gnu99 -print-prog-name=ld.gold`
[INFO] [stderr]   DEBUG: Executing: `/usr/bin/gcc -std=gnu99 -B /opt/rustwide/target/debug/build/mozjs_sys-d3075585c4dfa242/out/build/unix/gold -Wl,--version`
[INFO] [stderr]   INFO: gold
[INFO] [stderr]   INFO: checking for stdint.h... 
[INFO] [stderr]   DEBUG: Creating `/tmp/conftest.pFwvqj.cpp` with content:
[INFO] [stderr]   DEBUG: | #include <stdint.h>
[INFO] [stderr]   DEBUG: | int
[INFO] [stderr]   DEBUG: | main(void)
[INFO] [stderr]   DEBUG: | {
[INFO] [stderr]   DEBUG: | 
[INFO] [stderr]   DEBUG: |   ;
[INFO] [stderr]   DEBUG: |   return 0;
[INFO] [stderr]   DEBUG: | }
[INFO] [stderr]   DEBUG: Executing: `/usr/bin/g++ -c /tmp/conftest.pFwvqj.cpp`
[INFO] [stderr]   INFO: yes
[INFO] [stderr]   INFO: checking for inttypes.h... 
[INFO] [stderr]   DEBUG: Creating `/tmp/conftest.1Xsdup.cpp` with content:
[INFO] [stderr]   DEBUG: | #include <inttypes.h>
[INFO] [stderr]   DEBUG: | int
[INFO] [stderr]   DEBUG: | main(void)
[INFO] [stderr]   DEBUG: | {
[INFO] [stderr]   DEBUG: | 
[INFO] [stderr]   DEBUG: |   ;
[INFO] [stderr]   DEBUG: |   return 0;
[INFO] [stderr]   DEBUG: | }
[INFO] [stderr]   DEBUG: Executing: `/usr/bin/g++ -c /tmp/conftest.1Xsdup.cpp`
[INFO] [stderr]   INFO: yes
[INFO] [stderr]   INFO: checking for malloc.h... 
[INFO] [stderr]   DEBUG: Creating `/tmp/conftest.QhABFU.cpp` with content:
[INFO] [stderr]   DEBUG: | #include <malloc.h>
[INFO] [stderr]   DEBUG: | int
[INFO] [stderr]   DEBUG: | main(void)
[INFO] [stderr]   DEBUG: | {
[INFO] [stderr]   DEBUG: | 
[INFO] [stderr]   DEBUG: |   ;
[INFO] [stderr]   DEBUG: |   return 0;
[INFO] [stderr]   DEBUG: | }
[INFO] [stderr]   DEBUG: Executing: `/usr/bin/g++ -c /tmp/conftest.QhABFU.cpp`
[INFO] [stderr]   INFO: yes
[INFO] [stderr]   INFO: checking for alloca.h... 
[INFO] [stderr]   DEBUG: Creating `/tmp/conftest.gsVINo.cpp` with content:
[INFO] [stderr]   DEBUG: | #include <alloca.h>
[INFO] [stderr]   DEBUG: | int
[INFO] [stderr]   DEBUG: | main(void)
[INFO] [stderr]   DEBUG: | {
[INFO] [stderr]   DEBUG: | 
[INFO] [stderr]   DEBUG: |   ;
[INFO] [stderr]   DEBUG: |   return 0;
[INFO] [stderr]   DEBUG: | }
[INFO] [stderr]   DEBUG: Executing: `/usr/bin/g++ -c /tmp/conftest.gsVINo.cpp`
[INFO] [stderr]   INFO: yes
[INFO] [stderr]   INFO: checking for sys/byteorder.h... 
[INFO] [stderr]   DEBUG: Creating `/tmp/conftest.03PVeZ.cpp` with content:
[INFO] [stderr]   DEBUG: | #include <sys/byteorder.h>
[INFO] [stderr]   DEBUG: | int
[INFO] [stderr]   DEBUG: | main(void)
[INFO] [stderr]   DEBUG: | {
[INFO] [stderr]   DEBUG: | 
[INFO] [stderr]   DEBUG: |   ;
[INFO] [stderr]   DEBUG: |   return 0;
[INFO] [stderr]   DEBUG: | }
[INFO] [stderr]   DEBUG: Executing: `/usr/bin/g++ -c /tmp/conftest.03PVeZ.cpp`
[INFO] [stderr]   DEBUG: The command returned non-zero exit status 1.
[INFO] [stderr]   DEBUG: Its error output was:
[INFO] [stderr]   DEBUG: | /tmp/conftest.03PVeZ.cpp:1:10: fatal error: sys/byteorder.h: No such file or directory
[INFO] [stderr]   DEBUG: |     1 | #include <sys/byteorder.h>
[INFO] [stderr]   DEBUG: |       |          ^~~~~~~~~~~~~~~~~
[INFO] [stderr]   DEBUG: | compilation terminated.
[INFO] [stderr]   INFO: no
[INFO] [stderr]   INFO: checking for getopt.h... 
[INFO] [stderr]   DEBUG: Creating `/tmp/conftest.HKYIak.cpp` with content:
[INFO] [stderr]   DEBUG: | #include <getopt.h>
[INFO] [stderr]   DEBUG: | int
[INFO] [stderr]   DEBUG: | main(void)
[INFO] [stderr]   DEBUG: | {
[INFO] [stderr]   DEBUG: | 
[INFO] [stderr]   DEBUG: |   ;
[INFO] [stderr]   DEBUG: |   return 0;
[INFO] [stderr]   DEBUG: | }
[INFO] [stderr]   DEBUG: Executing: `/usr/bin/g++ -c /tmp/conftest.HKYIak.cpp`
[INFO] [stderr]   INFO: yes
[INFO] [stderr]   INFO: checking for unistd.h... 
[INFO] [stderr]   DEBUG: Creating `/tmp/conftest.DL82TP.cpp` with content:
[INFO] [stderr]   DEBUG: | #include <unistd.h>
[INFO] [stderr]   DEBUG: | int
[INFO] [stderr]   DEBUG: | main(void)
[INFO] [stderr]   DEBUG: | {
[INFO] [stderr]   DEBUG: | 
[INFO] [stderr]   DEBUG: |   ;
[INFO] [stderr]   DEBUG: |   return 0;
[INFO] [stderr]   DEBUG: | }
[INFO] [stderr]   DEBUG: Executing: `/usr/bin/g++ -c /tmp/conftest.DL82TP.cpp`
[INFO] [stderr]   INFO: yes
[INFO] [stderr]   INFO: checking for nl_types.h... 
[INFO] [stderr]   DEBUG: Creating `/tmp/conftest.efeYtd.cpp` with content:
[INFO] [stderr]   DEBUG: | #include <nl_types.h>
[INFO] [stderr]   DEBUG: | int
[INFO] [stderr]   DEBUG: | main(void)
[INFO] [stderr]   DEBUG: | {
[INFO] [stderr]   DEBUG: | 
[INFO] [stderr]   DEBUG: |   ;
[INFO] [stderr]   DEBUG: |   return 0;
[INFO] [stderr]   DEBUG: | }
[INFO] [stderr]   DEBUG: Executing: `/usr/bin/g++ -c /tmp/conftest.efeYtd.cpp`
[INFO] [stderr]   INFO: yes
[INFO] [stderr]   INFO: checking for cpuid.h... 
[INFO] [stderr]   DEBUG: Creating `/tmp/conftest.lLZmZM.cpp` with content:
[INFO] [stderr]   DEBUG: | #include <cpuid.h>
[INFO] [stderr]   DEBUG: | int
[INFO] [stderr]   DEBUG: | main(void)
[INFO] [stderr]   DEBUG: | {
[INFO] [stderr]   DEBUG: | 
[INFO] [stderr]   DEBUG: |   ;
[INFO] [stderr]   DEBUG: |   return 0;
[INFO] [stderr]   DEBUG: | }
[INFO] [stderr]   DEBUG: Executing: `/usr/bin/g++ -c /tmp/conftest.lLZmZM.cpp`
[INFO] [stderr]   INFO: yes
[INFO] [stderr]   INFO: checking for sys/statvfs.h... 
[INFO] [stderr]   DEBUG: Creating `/tmp/conftest._fL1lO.cpp` with content:
[INFO] [stderr]   DEBUG: | #include <sys/statvfs.h>
[INFO] [stderr]   DEBUG: | int
[INFO] [stderr]   DEBUG: | main(void)
[INFO] [stderr]   DEBUG: | {
[INFO] [stderr]   DEBUG: | 
[INFO] [stderr]   DEBUG: |   ;
[INFO] [stderr]   DEBUG: |   return 0;
[INFO] [stderr]   DEBUG: | }
[INFO] [stderr]   DEBUG: Executing: `/usr/bin/g++ -c /tmp/conftest._fL1lO.cpp`
[INFO] [stderr]   INFO: yes
[INFO] [stderr]   INFO: checking for sys/statfs.h... 
[INFO] [stderr]   DEBUG: Creating `/tmp/conftest.TZHcoo.cpp` with content:
[INFO] [stderr]   DEBUG: | #include <sys/statfs.h>
[INFO] [stderr]   DEBUG: | int
[INFO] [stderr]   DEBUG: | main(void)
[INFO] [stderr]   DEBUG: | {
[INFO] [stderr]   DEBUG: | 
[INFO] [stderr]   DEBUG: |   ;
[INFO] [stderr]   DEBUG: |   return 0;
[INFO] [stderr]   DEBUG: | }
[INFO] [stderr]   DEBUG: Executing: `/usr/bin/g++ -c /tmp/conftest.TZHcoo.cpp`
[INFO] [stderr]   INFO: yes
[INFO] [stderr]   INFO: checking for sys/vfs.h... 
[INFO] [stderr]   DEBUG: Creating `/tmp/conftest.WObtqT.cpp` with content:
[INFO] [stderr]   DEBUG: | #include <sys/vfs.h>
[INFO] [stderr]   DEBUG: | int
[INFO] [stderr]   DEBUG: | main(void)
[INFO] [stderr]   DEBUG: | {
[INFO] [stderr]   DEBUG: | 
[INFO] [stderr]   DEBUG: |   ;
[INFO] [stderr]   DEBUG: |   return 0;
[INFO] [stderr]   DEBUG: | }
[INFO] [stderr]   DEBUG: Executing: `/usr/bin/g++ -c /tmp/conftest.WObtqT.cpp`
[INFO] [stderr]   INFO: yes
[INFO] [stderr]   INFO: checking for sys/mount.h... 
[INFO] [stderr]   DEBUG: Creating `/tmp/conftest.N15Nyg.cpp` with content:
[INFO] [stderr]   DEBUG: | #include <sys/mount.h>
[INFO] [stderr]   DEBUG: | int
[INFO] [stderr]   DEBUG: | main(void)
[INFO] [stderr]   DEBUG: | {
[INFO] [stderr]   DEBUG: | 
[INFO] [stderr]   DEBUG: |   ;
[INFO] [stderr]   DEBUG: |   return 0;
[INFO] [stderr]   DEBUG: | }
[INFO] [stderr]   DEBUG: Executing: `/usr/bin/g++ -c /tmp/conftest.N15Nyg.cpp`
[INFO] [stderr]   INFO: yes
[INFO] [stderr]   INFO: checking for sys/quota.h... 
[INFO] [stderr]   DEBUG: Creating `/tmp/conftest.oop4qm.cpp` with content:
[INFO] [stderr]   DEBUG: | #include <sys/quota.h>
[INFO] [stderr]   DEBUG: | int
[INFO] [stderr]   DEBUG: | main(void)
[INFO] [stderr]   DEBUG: | {
[INFO] [stderr]   DEBUG: | quotactl(0, nullptr, 0, (caddr_t)nullptr);
[INFO] [stderr]   DEBUG: |   ;
[INFO] [stderr]   DEBUG: |   return 0;
[INFO] [stderr]   DEBUG: | }
[INFO] [stderr]   DEBUG: Executing: `/usr/bin/g++ -c /tmp/conftest.oop4qm.cpp`
[INFO] [stderr]   INFO: yes
[INFO] [stderr]   INFO: checking for linux/quota.h... 
[INFO] [stderr]   DEBUG: Creating `/tmp/conftest.LJavjQ.cpp` with content:
[INFO] [stderr]   DEBUG: | #include <sys/socket.h>
[INFO] [stderr]   DEBUG: | #include <linux/quota.h>
[INFO] [stderr]   DEBUG: | int
[INFO] [stderr]   DEBUG: | main(void)
[INFO] [stderr]   DEBUG: | {
[INFO] [stderr]   DEBUG: | 
[INFO] [stderr]   DEBUG: |   ;
[INFO] [stderr]   DEBUG: |   return 0;
[INFO] [stderr]   DEBUG: | }
[INFO] [stderr]   DEBUG: Executing: `/usr/bin/g++ -c /tmp/conftest.LJavjQ.cpp`
[INFO] [stderr]   INFO: yes
[INFO] [stderr]   INFO: checking for linux/if_addr.h... 
[INFO] [stderr]   DEBUG: Creating `/tmp/conftest.Fg5Wru.cpp` with content:
[INFO] [stderr]   DEBUG: | #include <sys/socket.h>
[INFO] [stderr]   DEBUG: | #include <linux/if_addr.h>
[INFO] [stderr]   DEBUG: | int
[INFO] [stderr]   DEBUG: | main(void)
[INFO] [stderr]   DEBUG: | {
[INFO] [stderr]   DEBUG: | 
[INFO] [stderr]   DEBUG: |   ;
[INFO] [stderr]   DEBUG: |   return 0;
[INFO] [stderr]   DEBUG: | }
[INFO] [stderr]   DEBUG: Executing: `/usr/bin/g++ -c /tmp/conftest.Fg5Wru.cpp`
[INFO] [stderr]   INFO: yes
[INFO] [stderr]   INFO: checking for linux/rtnetlink.h... 
[INFO] [stderr]   DEBUG: Creating `/tmp/conftest.VkBdSt.cpp` with content:
[INFO] [stderr]   DEBUG: | #include <sys/socket.h>
[INFO] [stderr]   DEBUG: | #include <linux/rtnetlink.h>
[INFO] [stderr]   DEBUG: | int
[INFO] [stderr]   DEBUG: | main(void)
[INFO] [stderr]   DEBUG: | {
[INFO] [stderr]   DEBUG: | 
[INFO] [stderr]   DEBUG: |   ;
[INFO] [stderr]   DEBUG: |   return 0;
[INFO] [stderr]   DEBUG: | }
[INFO] [stderr]   DEBUG: Executing: `/usr/bin/g++ -c /tmp/conftest.VkBdSt.cpp`
[INFO] [stderr]   INFO: yes
[INFO] [stderr]   INFO: checking for sys/queue.h... 
[INFO] [stderr]   DEBUG: Creating `/tmp/conftest.zTbrEi.cpp` with content:
[INFO] [stderr]   DEBUG: | #include <sys/queue.h>
[INFO] [stderr]   DEBUG: | int
[INFO] [stderr]   DEBUG: | main(void)
[INFO] [stderr]   DEBUG: | {
[INFO] [stderr]   DEBUG: | 
[INFO] [stderr]   DEBUG: |   ;
[INFO] [stderr]   DEBUG: |   return 0;
[INFO] [stderr]   DEBUG: | }
[INFO] [stderr]   DEBUG: Executing: `/usr/bin/g++ -c /tmp/conftest.zTbrEi.cpp`
[INFO] [stderr]   INFO: yes
[INFO] [stderr]   INFO: checking for sys/types.h... 
[INFO] [stderr]   DEBUG: Creating `/tmp/conftest.JK1sV0.cpp` with content:
[INFO] [stderr]   DEBUG: | #include <sys/types.h>
[INFO] [stderr]   DEBUG: | int
[INFO] [stderr]   DEBUG: | main(void)
[INFO] [stderr]   DEBUG: | {
[INFO] [stderr]   DEBUG: | 
[INFO] [stderr]   DEBUG: |   ;
[INFO] [stderr]   DEBUG: |   return 0;
[INFO] [stderr]   DEBUG: | }
[INFO] [stderr]   DEBUG: Executing: `/usr/bin/g++ -c /tmp/conftest.JK1sV0.cpp`
[INFO] [stderr]   INFO: yes
[INFO] [stderr]   INFO: checking for netinet/in.h... 
[INFO] [stderr]   DEBUG: Creating `/tmp/conftest.hGSVXN.cpp` with content:
[INFO] [stderr]   DEBUG: | #include <netinet/in.h>
[INFO] [stderr]   DEBUG: | int
[INFO] [stderr]   DEBUG: | main(void)
[INFO] [stderr]   DEBUG: | {
[INFO] [stderr]   DEBUG: | 
[INFO] [stderr]   DEBUG: |   ;
[INFO] [stderr]   DEBUG: |   return 0;
[INFO] [stderr]   DEBUG: | }
[INFO] [stderr]   DEBUG: Executing: `/usr/bin/g++ -c /tmp/conftest.hGSVXN.cpp`
[INFO] [stderr]   INFO: yes
[INFO] [stderr]   INFO: checking for byteswap.h... 
[INFO] [stderr]   DEBUG: Creating `/tmp/conftest.fz6iDX.cpp` with content:
[INFO] [stderr]   DEBUG: | #include <byteswap.h>
[INFO] [stderr]   DEBUG: | int
[INFO] [stderr]   DEBUG: | main(void)
[INFO] [stderr]   DEBUG: | {
[INFO] [stderr]   DEBUG: | 
[INFO] [stderr]   DEBUG: |   ;
[INFO] [stderr]   DEBUG: |   return 0;
[INFO] [stderr]   DEBUG: | }
[INFO] [stderr]   DEBUG: Executing: `/usr/bin/g++ -c /tmp/conftest.fz6iDX.cpp`
[INFO] [stderr]   INFO: yes
[INFO] [stderr]   INFO: checking for linux/perf_event.h... 
[INFO] [stderr]   DEBUG: Creating `/tmp/conftest.A3ybWE.cpp` with content:
[INFO] [stderr]   DEBUG: | #include <linux/perf_event.h>
[INFO] [stderr]   DEBUG: | int
[INFO] [stderr]   DEBUG: | main(void)
[INFO] [stderr]   DEBUG: | {
[INFO] [stderr]   DEBUG: | 
[INFO] [stderr]   DEBUG: |   ;
[INFO] [stderr]   DEBUG: |   return 0;
[INFO] [stderr]   DEBUG: | }
[INFO] [stderr]   DEBUG: Executing: `/usr/bin/g++ -c /tmp/conftest.A3ybWE.cpp`
[INFO] [stderr]   INFO: yes
[INFO] [stderr]   INFO: checking for perf_event_open system call... 
[INFO] [stderr]   DEBUG: Creating `/tmp/conftest.EP7Lm5.cpp` with content:
[INFO] [stderr]   DEBUG: | #include <asm/unistd.h>
[INFO] [stderr]   DEBUG: | int
[INFO] [stderr]   DEBUG: | main(void)
[INFO] [stderr]   DEBUG: | {
[INFO] [stderr]   DEBUG: | return sizeof(__NR_perf_event_open);
[INFO] [stderr]   DEBUG: |   ;
[INFO] [stderr]   DEBUG: |   return 0;
[INFO] [stderr]   DEBUG: | }
[INFO] [stderr]   DEBUG: Executing: `/usr/bin/g++ -c /tmp/conftest.EP7Lm5.cpp`
[INFO] [stderr]   INFO: yes
[INFO] [stderr]   INFO: checking whether the C compiler supports -Wunreachable-code-return... 
[INFO] [stderr]   DEBUG: Creating `/tmp/conftest.O0KCgE.c` with content:
[INFO] [stderr]   DEBUG: | 
[INFO] [stderr]   DEBUG: | int
[INFO] [stderr]   DEBUG: | main(void)
[INFO] [stderr]   DEBUG: | {
[INFO] [stderr]   DEBUG: | 
[INFO] [stderr]   DEBUG: |   ;
[INFO] [stderr]   DEBUG: |   return 0;
[INFO] [stderr]   DEBUG: | }
[INFO] [stderr]   DEBUG: Executing: `/usr/bin/gcc -std=gnu99 -Werror -Wunreachable-code-return -c /tmp/conftest.O0KCgE.c`
[INFO] [stderr]   DEBUG: The command returned non-zero exit status 1.
[INFO] [stderr]   DEBUG: Its error output was:
[INFO] [stderr]   DEBUG: | gcc: error: unrecognized command line option '-Wunreachable-code-return'; did you mean '-Wunreachable-code'?
[INFO] [stderr]   INFO: no
[INFO] [stderr]   INFO: checking whether the C++ compiler supports -Wunreachable-code-return... 
[INFO] [stderr]   DEBUG: Creating `/tmp/conftest.u5u7k4.cpp` with content:
[INFO] [stderr]   DEBUG: | 
[INFO] [stderr]   DEBUG: | int
[INFO] [stderr]   DEBUG: | main(void)
[INFO] [stderr]   DEBUG: | {
[INFO] [stderr]   DEBUG: | 
[INFO] [stderr]   DEBUG: |   ;
[INFO] [stderr]   DEBUG: |   return 0;
[INFO] [stderr]   DEBUG: | }
[INFO] [stderr]   DEBUG: Executing: `/usr/bin/g++ -Werror -Wunreachable-code-return -c -c /tmp/conftest.u5u7k4.cpp`
[INFO] [stderr]   DEBUG: The command returned non-zero exit status 1.
[INFO] [stderr]   DEBUG: Its error output was:
[INFO] [stderr]   DEBUG: | g++: error: unrecognized command line option '-Wunreachable-code-return'; did you mean '-Wunreachable-code'?
[INFO] [stderr]   INFO: no
[INFO] [stderr]   INFO: checking whether the C compiler supports -Wclass-varargs... 
[INFO] [stderr]   DEBUG: Creating `/tmp/conftest.cUNSek.c` with content:
[INFO] [stderr]   DEBUG: | 
[INFO] [stderr]   DEBUG: | int
[INFO] [stderr]   DEBUG: | main(void)
[INFO] [stderr]   DEBUG: | {
[INFO] [stderr]   DEBUG: | 
[INFO] [stderr]   DEBUG: |   ;
[INFO] [stderr]   DEBUG: |   return 0;
[INFO] [stderr]   DEBUG: | }
[INFO] [stderr]   DEBUG: Executing: `/usr/bin/gcc -std=gnu99 -Werror -Wclass-varargs -c /tmp/conftest.cUNSek.c`
[INFO] [stderr]   DEBUG: The command returned non-zero exit status 1.
[INFO] [stderr]   DEBUG: Its error output was:
[INFO] [stderr]   DEBUG: | gcc: error: unrecognized command line option '-Wclass-varargs'; did you mean '-Wno-varargs'?
[INFO] [stderr]   INFO: no
[INFO] [stderr]   INFO: checking whether the C++ compiler supports -Wclass-varargs... 
[INFO] [stderr]   DEBUG: Creating `/tmp/conftest.tWpa5v.cpp` with content:
[INFO] [stderr]   DEBUG: | 
[INFO] [stderr]   DEBUG: | int
[INFO] [stderr]   DEBUG: | main(void)
[INFO] [stderr]   DEBUG: | {
[INFO] [stderr]   DEBUG: | 
[INFO] [stderr]   DEBUG: |   ;
[INFO] [stderr]   DEBUG: |   return 0;
[INFO] [stderr]   DEBUG: | }
[INFO] [stderr]   DEBUG: Executing: `/usr/bin/g++ -Werror -Wclass-varargs -c -c /tmp/conftest.tWpa5v.cpp`
[INFO] [stderr]   DEBUG: The command returned non-zero exit status 1.
[INFO] [stderr]   DEBUG: Its error output was:
[INFO] [stderr]   DEBUG: | g++: error: unrecognized command line option '-Wclass-varargs'; did you mean '-Wno-varargs'?
[INFO] [stderr]   INFO: no
[INFO] [stderr]   INFO: checking whether the C compiler supports -Wloop-analysis... 
[INFO] [stderr]   DEBUG: Creating `/tmp/conftest.6BNsDd.c` with content:
[INFO] [stderr]   DEBUG: | 
[INFO] [stderr]   DEBUG: | int
[INFO] [stderr]   DEBUG: | main(void)
[INFO] [stderr]   DEBUG: | {
[INFO] [stderr]   DEBUG: | 
[INFO] [stderr]   DEBUG: |   ;
[INFO] [stderr]   DEBUG: |   return 0;
[INFO] [stderr]   DEBUG: | }
[INFO] [stderr]   DEBUG: Executing: `/usr/bin/gcc -std=gnu99 -Werror -Wloop-analysis -c /tmp/conftest.6BNsDd.c`
[INFO] [stderr]   DEBUG: The command returned non-zero exit status 1.
[INFO] [stderr]   DEBUG: Its error output was:
[INFO] [stderr]   DEBUG: | gcc: error: unrecognized command line option '-Wloop-analysis'
[INFO] [stderr]   INFO: no
[INFO] [stderr]   INFO: checking whether the C++ compiler supports -Wloop-analysis... 
[INFO] [stderr]   DEBUG: Creating `/tmp/conftest.4uEmoP.cpp` with content:
[INFO] [stderr]   DEBUG: | 
[INFO] [stderr]   DEBUG: | int
[INFO] [stderr]   DEBUG: | main(void)
[INFO] [stderr]   DEBUG: | {
[INFO] [stderr]   DEBUG: | 
[INFO] [stderr]   DEBUG: |   ;
[INFO] [stderr]   DEBUG: |   return 0;
[INFO] [stderr]   DEBUG: | }
[INFO] [stderr]   DEBUG: Executing: `/usr/bin/g++ -Werror -Wloop-analysis -c -c /tmp/conftest.4uEmoP.cpp`
[INFO] [stderr]   DEBUG: The command returned non-zero exit status 1.
[INFO] [stderr]   DEBUG: Its error output was:
[INFO] [stderr]   DEBUG: | g++: error: unrecognized command line option '-Wloop-analysis'
[INFO] [stderr]   INFO: no
[INFO] [stderr]   INFO: checking whether the C++ compiler supports -Wc++1z-compat... 
[INFO] [stderr]   DEBUG: Creating `/tmp/conftest.eugvSE.cpp` with content:
[INFO] [stderr]   DEBUG: | 
[INFO] [stderr]   DEBUG: | int
[INFO] [stderr]   DEBUG: | main(void)
[INFO] [stderr]   DEBUG: | {
[INFO] [stderr]   DEBUG: | 
[INFO] [stderr]   DEBUG: |   ;
[INFO] [stderr]   DEBUG: |   return 0;
[INFO] [stderr]   DEBUG: | }
[INFO] [stderr]   DEBUG: Executing: `/usr/bin/g++ -Werror -Wc++1z-compat -c /tmp/conftest.eugvSE.cpp`
[INFO] [stderr]   INFO: yes
[INFO] [stderr]   INFO: checking whether the C++ compiler supports -Wcomma... 
[INFO] [stderr]   DEBUG: Creating `/tmp/conftest.eNtsEs.cpp` with content:
[INFO] [stderr]   DEBUG: | 
[INFO] [stderr]   DEBUG: | int
[INFO] [stderr]   DEBUG: | main(void)
[INFO] [stderr]   DEBUG: | {
[INFO] [stderr]   DEBUG: | 
[INFO] [stderr]   DEBUG: |   ;
[INFO] [stderr]   DEBUG: |   return 0;
[INFO] [stderr]   DEBUG: | }
[INFO] [stderr]   DEBUG: Executing: `/usr/bin/g++ -Werror -Wcomma -c /tmp/conftest.eNtsEs.cpp`
[INFO] [stderr]   DEBUG: The command returned non-zero exit status 1.
[INFO] [stderr]   DEBUG: Its error output was:
[INFO] [stderr]   DEBUG: | g++: error: unrecognized command line option '-Wcomma'; did you mean '-Wcomment'?
[INFO] [stderr]   INFO: no
[INFO] [stderr]   INFO: checking whether the C compiler supports -Wduplicated-cond... 
[INFO] [stderr]   DEBUG: Creating `/tmp/conftest.Q41kkq.c` with content:
[INFO] [stderr]   DEBUG: | 
[INFO] [stderr]   DEBUG: | int
[INFO] [stderr]   DEBUG: | main(void)
[INFO] [stderr]   DEBUG: | {
[INFO] [stderr]   DEBUG: | 
[INFO] [stderr]   DEBUG: |   ;
[INFO] [stderr]   DEBUG: |   return 0;
[INFO] [stderr]   DEBUG: | }
[INFO] [stderr]   DEBUG: Executing: `/usr/bin/gcc -std=gnu99 -Werror -Wduplicated-cond -c /tmp/conftest.Q41kkq.c`
[INFO] [stderr]   INFO: yes
[INFO] [stderr]   INFO: checking whether the C++ compiler supports -Wduplicated-cond... 
[INFO] [stderr]   DEBUG: Creating `/tmp/conftest.Us9wAL.cpp` with content:
[INFO] [stderr]   DEBUG: | 
[INFO] [stderr]   DEBUG: | int
[INFO] [stderr]   DEBUG: | main(void)
[INFO] [stderr]   DEBUG: | {
[INFO] [stderr]   DEBUG: | 
[INFO] [stderr]   DEBUG: |   ;
[INFO] [stderr]   DEBUG: |   return 0;
[INFO] [stderr]   DEBUG: | }
[INFO] [stderr]   DEBUG: Executing: `/usr/bin/g++ -Werror -Wduplicated-cond -c -c /tmp/conftest.Us9wAL.cpp`
[INFO] [stderr]   INFO: yes
[INFO] [stderr]   INFO: checking whether the C++ compiler supports -Wimplicit-fallthrough... 
[INFO] [stderr]   DEBUG: Creating `/tmp/conftest.WTnB6U.cpp` with content:
[INFO] [stderr]   DEBUG: | 
[INFO] [stderr]   DEBUG: | int
[INFO] [stderr]   DEBUG: | main(void)
[INFO] [stderr]   DEBUG: | {
[INFO] [stderr]   DEBUG: | 
[INFO] [stderr]   DEBUG: |   ;
[INFO] [stderr]   DEBUG: |   return 0;
[INFO] [stderr]   DEBUG: | }
[INFO] [stderr]   DEBUG: Executing: `/usr/bin/g++ -Werror -Wimplicit-fallthrough -c /tmp/conftest.WTnB6U.cpp`
[INFO] [stderr]   INFO: yes
[INFO] [stderr]   INFO: checking whether the C compiler supports -Wstring-conversion... 
[INFO] [stderr]   DEBUG: Creating `/tmp/conftest.O9IpA5.c` with content:
[INFO] [stderr]   DEBUG: | 
[INFO] [stderr]   DEBUG: | int
[INFO] [stderr]   DEBUG: | main(void)
[INFO] [stderr]   DEBUG: | {
[INFO] [stderr]   DEBUG: | 
[INFO] [stderr]   DEBUG: |   ;
[INFO] [stderr]   DEBUG: |   return 0;
[INFO] [stderr]   DEBUG: | }
[INFO] [stderr]   DEBUG: Executing: `/usr/bin/gcc -std=gnu99 -Werror -Wstring-conversion -c /tmp/conftest.O9IpA5.c`
[INFO] [stderr]   DEBUG: The command returned non-zero exit status 1.
[INFO] [stderr]   DEBUG: Its error output was:
[INFO] [stderr]   DEBUG: | gcc: error: unrecognized command line option '-Wstring-conversion'; did you mean '-Wsign-conversion'?
[INFO] [stderr]   INFO: no
[INFO] [stderr]   INFO: checking whether the C++ compiler supports -Wstring-conversion... 
[INFO] [stderr]   DEBUG: Creating `/tmp/conftest._W6fm5.cpp` with content:
[INFO] [stderr]   DEBUG: | 
[INFO] [stderr]   DEBUG: | int
[INFO] [stderr]   DEBUG: | main(void)
[INFO] [stderr]   DEBUG: | {
[INFO] [stderr]   DEBUG: | 
[INFO] [stderr]   DEBUG: |   ;
[INFO] [stderr]   DEBUG: |   return 0;
[INFO] [stderr]   DEBUG: | }
[INFO] [stderr]   DEBUG: Executing: `/usr/bin/g++ -Werror -Wstring-conversion -c -c /tmp/conftest._W6fm5.cpp`
[INFO] [stderr]   DEBUG: The command returned non-zero exit status 1.
[INFO] [stderr]   DEBUG: Its error output was:
[INFO] [stderr]   DEBUG: | g++: error: unrecognized command line option '-Wstring-conversion'; did you mean '-Wsign-conversion'?
[INFO] [stderr]   INFO: no
[INFO] [stderr]   INFO: checking whether the C++ compiler supports -Wno-inline-new-delete... 
[INFO] [stderr]   DEBUG: Creating `/tmp/conftest.STuWJv.cpp` with content:
[INFO] [stderr]   DEBUG: | 
[INFO] [stderr]   DEBUG: | int
[INFO] [stderr]   DEBUG: | main(void)
[INFO] [stderr]   DEBUG: | {
[INFO] [stderr]   DEBUG: | 
[INFO] [stderr]   DEBUG: |   ;
[INFO] [stderr]   DEBUG: |   return 0;
[INFO] [stderr]   DEBUG: | }
[INFO] [stderr]   DEBUG: Executing: `/usr/bin/g++ -Werror -Winline-new-delete -c /tmp/conftest.STuWJv.cpp`
[INFO] [stderr]   DEBUG: The command returned non-zero exit status 1.
[INFO] [stderr]   DEBUG: Its error output was:
[INFO] [stderr]   DEBUG: | g++: error: unrecognized command line option '-Winline-new-delete'
[INFO] [stderr]   INFO: no
[INFO] [stderr]   INFO: checking whether the C compiler supports -Wno-error=maybe-uninitialized... 
[INFO] [stderr]   DEBUG: Creating `/tmp/conftest.OViujP.c` with content:
[INFO] [stderr]   DEBUG: | 
[INFO] [stderr]   DEBUG: | int
[INFO] [stderr]   DEBUG: | main(void)
[INFO] [stderr]   DEBUG: | {
[INFO] [stderr]   DEBUG: | 
[INFO] [stderr]   DEBUG: |   ;
[INFO] [stderr]   DEBUG: |   return 0;
[INFO] [stderr]   DEBUG: | }
[INFO] [stderr]   DEBUG: Executing: `/usr/bin/gcc -std=gnu99 -Werror -Wno-error=maybe-uninitialized -c /tmp/conftest.OViujP.c`
[INFO] [stderr]   INFO: yes
[INFO] [stderr]   INFO: checking whether the C++ compiler supports -Wno-error=maybe-uninitialized... 
[INFO] [stderr]   DEBUG: Creating `/tmp/conftest.cWIVpg.cpp` with content:
[INFO] [stderr]   DEBUG: | 
[INFO] [stderr]   DEBUG: | int
[INFO] [stderr]   DEBUG: | main(void)
[INFO] [stderr]   DEBUG: | {
[INFO] [stderr]   DEBUG: | 
[INFO] [stderr]   DEBUG: |   ;
[INFO] [stderr]   DEBUG: |   return 0;
[INFO] [stderr]   DEBUG: | }
[INFO] [stderr]   DEBUG: Executing: `/usr/bin/g++ -Werror -Wno-error=maybe-uninitialized -c -c /tmp/conftest.cWIVpg.cpp`
[INFO] [stderr]   INFO: yes
[INFO] [stderr]   INFO: checking whether the C compiler supports -Wno-error=deprecated-declarations... 
[INFO] [stderr]   DEBUG: Creating `/tmp/conftest._Z7ujn.c` with content:
[INFO] [stderr]   DEBUG: | 
[INFO] [stderr]   DEBUG: | int
[INFO] [stderr]   DEBUG: | main(void)
[INFO] [stderr]   DEBUG: | {
[INFO] [stderr]   DEBUG: | 
[INFO] [stderr]   DEBUG: |   ;
[INFO] [stderr]   DEBUG: |   return 0;
[INFO] [stderr]   DEBUG: | }
[INFO] [stderr]   DEBUG: Executing: `/usr/bin/gcc -std=gnu99 -Werror -Wno-error=deprecated-declarations -c /tmp/conftest._Z7ujn.c`
[INFO] [stderr]   INFO: yes
[INFO] [stderr]   INFO: checking whether the C++ compiler supports -Wno-error=deprecated-declarations... 
[INFO] [stderr]   DEBUG: Creating `/tmp/conftest.iSfyDc.cpp` with content:
[INFO] [stderr]   DEBUG: | 
[INFO] [stderr]   DEBUG: | int
[INFO] [stderr]   DEBUG: | main(void)
[INFO] [stderr]   DEBUG: | {
[INFO] [stderr]   DEBUG: | 
[INFO] [stderr]   DEBUG: |   ;
[INFO] [stderr]   DEBUG: |   return 0;
[INFO] [stderr]   DEBUG: | }
[INFO] [stderr]   DEBUG: Executing: `/usr/bin/g++ -Werror -Wno-error=deprecated-declarations -c -c /tmp/conftest.iSfyDc.cpp`
[INFO] [stderr]   INFO: yes
[INFO] [stderr]   INFO: checking whether the C compiler supports -Wno-error=array-bounds... 
[INFO] [stderr]   DEBUG: Creating `/tmp/conftest.0X0YqL.c` with content:
[INFO] [stderr]   DEBUG: | 
[INFO] [stderr]   DEBUG: | int
[INFO] [stderr]   DEBUG: | main(void)
[INFO] [stderr]   DEBUG: | {
[INFO] [stderr]   DEBUG: | 
[INFO] [stderr]   DEBUG: |   ;
[INFO] [stderr]   DEBUG: |   return 0;
[INFO] [stderr]   DEBUG: | }
[INFO] [stderr]   DEBUG: Executing: `/usr/bin/gcc -std=gnu99 -Werror -Wno-error=array-bounds -c /tmp/conftest.0X0YqL.c`
[INFO] [stderr]   INFO: yes
[INFO] [stderr]   INFO: checking whether the C++ compiler supports -Wno-error=array-bounds... 
[INFO] [stderr]   DEBUG: Creating `/tmp/conftest.SIt8Zy.cpp` with content:
[INFO] [stderr]   DEBUG: | 
[INFO] [stderr]   DEBUG: | int
[INFO] [stderr]   DEBUG: | main(void)
[INFO] [stderr]   DEBUG: | {
[INFO] [stderr]   DEBUG: | 
[INFO] [stderr]   DEBUG: |   ;
[INFO] [stderr]   DEBUG: |   return 0;
[INFO] [stderr]   DEBUG: | }
[INFO] [stderr]   DEBUG: Executing: `/usr/bin/g++ -Werror -Wno-error=array-bounds -c -c /tmp/conftest.SIt8Zy.cpp`
[INFO] [stderr]   INFO: yes
[INFO] [stderr]   INFO: checking whether the C compiler supports -Wno-error=free-nonheap-object... 
[INFO] [stderr]   DEBUG: Creating `/tmp/conftest.g1XJUp.c` with content:
[INFO] [stderr]   DEBUG: | 
[INFO] [stderr]   DEBUG: | int
[INFO] [stderr]   DEBUG: | main(void)
[INFO] [stderr]   DEBUG: | {
[INFO] [stderr]   DEBUG: | 
[INFO] [stderr]   DEBUG: |   ;
[INFO] [stderr]   DEBUG: |   return 0;
[INFO] [stderr]   DEBUG: | }
[INFO] [stderr]   DEBUG: Executing: `/usr/bin/gcc -std=gnu99 -Werror -Wno-error=free-nonheap-object -c /tmp/conftest.g1XJUp.c`
[INFO] [stderr]   INFO: yes
[INFO] [stderr]   INFO: checking whether the C++ compiler supports -Wno-error=free-nonheap-object... 
[INFO] [stderr]   DEBUG: Creating `/tmp/conftest.teSi89.cpp` with content:
[INFO] [stderr]   DEBUG: | 
[INFO] [stderr]   DEBUG: | int
[INFO] [stderr]   DEBUG: | main(void)
[INFO] [stderr]   DEBUG: | {
[INFO] [stderr]   DEBUG: | 
[INFO] [stderr]   DEBUG: |   ;
[INFO] [stderr]   DEBUG: |   return 0;
[INFO] [stderr]   DEBUG: | }
[INFO] [stderr]   DEBUG: Executing: `/usr/bin/g++ -Werror -Wno-error=free-nonheap-object -c -c /tmp/conftest.teSi89.cpp`
[INFO] [stderr]   INFO: yes
[INFO] [stderr]   INFO: checking whether the C compiler supports -Wformat... 
[INFO] [stderr]   DEBUG: Creating `/tmp/conftest.tCaV0b.c` with content:
[INFO] [stderr]   DEBUG: | 
[INFO] [stderr]   DEBUG: | int
[INFO] [stderr]   DEBUG: | main(void)
[INFO] [stderr]   DEBUG: | {
[INFO] [stderr]   DEBUG: | 
[INFO] [stderr]   DEBUG: |   ;
[INFO] [stderr]   DEBUG: |   return 0;
[INFO] [stderr]   DEBUG: | }
[INFO] [stderr]   DEBUG: Executing: `/usr/bin/gcc -std=gnu99 -Werror -Wformat -c /tmp/conftest.tCaV0b.c`
[INFO] [stderr]   INFO: yes
[INFO] [stderr]   INFO: checking whether the C++ compiler supports -Wformat... 
[INFO] [stderr]   DEBUG: Creating `/tmp/conftest.yBQ0NT.cpp` with content:
[INFO] [stderr]   DEBUG: | 
[INFO] [stderr]   DEBUG: | int
[INFO] [stderr]   DEBUG: | main(void)
[INFO] [stderr]   DEBUG: | {
[INFO] [stderr]   DEBUG: | 
[INFO] [stderr]   DEBUG: |   ;
[INFO] [stderr]   DEBUG: |   return 0;
[INFO] [stderr]   DEBUG: | }
[INFO] [stderr]   DEBUG: Executing: `/usr/bin/g++ -Werror -Wformat -c -c /tmp/conftest.yBQ0NT.cpp`
[INFO] [stderr]   INFO: yes
[INFO] [stderr]   INFO: checking whether the C compiler supports -Wformat-security... 
[INFO] [stderr]   DEBUG: Creating `/tmp/conftest.MM6PDi.c` with content:
[INFO] [stderr]   DEBUG: | 
[INFO] [stderr]   DEBUG: | int
[INFO] [stderr]   DEBUG: | main(void)
[INFO] [stderr]   DEBUG: | {
[INFO] [stderr]   DEBUG: | 
[INFO] [stderr]   DEBUG: |   ;
[INFO] [stderr]   DEBUG: |   return 0;
[INFO] [stderr]   DEBUG: | }
[INFO] [stderr]   DEBUG: Executing: `/usr/bin/gcc -std=gnu99 -Werror -Wformat-security -c /tmp/conftest.MM6PDi.c`
[INFO] [stderr]   INFO: yes
[INFO] [stderr]   INFO: checking whether the C++ compiler supports -Wformat-security... 
[INFO] [stderr]   DEBUG: Creating `/tmp/conftest.5NgwpU.cpp` with content:
[INFO] [stderr]   DEBUG: | 
[INFO] [stderr]   DEBUG: | int
[INFO] [stderr]   DEBUG: | main(void)
[INFO] [stderr]   DEBUG: | {
[INFO] [stderr]   DEBUG: | 
[INFO] [stderr]   DEBUG: |   ;
[INFO] [stderr]   DEBUG: |   return 0;
[INFO] [stderr]   DEBUG: | }
[INFO] [stderr]   DEBUG: Executing: `/usr/bin/g++ -Werror -Wformat-security -c -c /tmp/conftest.5NgwpU.cpp`
[INFO] [stderr]   INFO: yes
[INFO] [stderr]   INFO: checking whether the C compiler supports -Wformat-overflow=2... 
[INFO] [stderr]   DEBUG: Creating `/tmp/conftest.vzH_L9.c` with content:
[INFO] [stderr]   DEBUG: | 
[INFO] [stderr]   DEBUG: | int
[INFO] [stderr]   DEBUG: | main(void)
[INFO] [stderr]   DEBUG: | {
[INFO] [stderr]   DEBUG: | 
[INFO] [stderr]   DEBUG: |   ;
[INFO] [stderr]   DEBUG: |   return 0;
[INFO] [stderr]   DEBUG: | }
[INFO] [stderr]   DEBUG: Executing: `/usr/bin/gcc -std=gnu99 -Werror -Wformat-overflow=2 -c /tmp/conftest.vzH_L9.c`
[INFO] [stderr]   INFO: yes
[INFO] [stderr]   INFO: checking whether the C++ compiler supports -Wformat-overflow=2... 
[INFO] [stderr]   DEBUG: Creating `/tmp/conftest.znLv73.cpp` with content:
[INFO] [stderr]   DEBUG: | 
[INFO] [stderr]   DEBUG: | int
[INFO] [stderr]   DEBUG: | main(void)
[INFO] [stderr]   DEBUG: | {
[INFO] [stderr]   DEBUG: | 
[INFO] [stderr]   DEBUG: |   ;
[INFO] [stderr]   DEBUG: |   return 0;
[INFO] [stderr]   DEBUG: | }
[INFO] [stderr]   DEBUG: Executing: `/usr/bin/g++ -Werror -Wformat-overflow=2 -c -c /tmp/conftest.znLv73.cpp`
[INFO] [stderr]   INFO: yes
[INFO] [stderr]   INFO: checking whether the C compiler supports -Wno-gnu-zero-variadic-macro-arguments... 
[INFO] [stderr]   DEBUG: Creating `/tmp/conftest.IEhskW.c` with content:
[INFO] [stderr]   DEBUG: | 
[INFO] [stderr]   DEBUG: | int
[INFO] [stderr]   DEBUG: | main(void)
[INFO] [stderr]   DEBUG: | {
[INFO] [stderr]   DEBUG: | 
[INFO] [stderr]   DEBUG: |   ;
[INFO] [stderr]   DEBUG: |   return 0;
[INFO] [stderr]   DEBUG: | }
[INFO] [stderr]   DEBUG: Executing: `/usr/bin/gcc -std=gnu99 -Werror -Wgnu-zero-variadic-macro-arguments -c /tmp/conftest.IEhskW.c`
[INFO] [stderr]   DEBUG: The command returned non-zero exit status 1.
[INFO] [stderr]   DEBUG: Its error output was:
[INFO] [stderr]   DEBUG: | gcc: error: unrecognized command line option '-Wgnu-zero-variadic-macro-arguments'
[INFO] [stderr]   INFO: no
[INFO] [stderr]   INFO: checking whether the C++ compiler supports -Wno-gnu-zero-variadic-macro-arguments... 
[INFO] [stderr]   DEBUG: Creating `/tmp/conftest.WUJ14X.cpp` with content:
[INFO] [stderr]   DEBUG: | 
[INFO] [stderr]   DEBUG: | int
[INFO] [stderr]   DEBUG: | main(void)
[INFO] [stderr]   DEBUG: | {
[INFO] [stderr]   DEBUG: | 
[INFO] [stderr]   DEBUG: |   ;
[INFO] [stderr]   DEBUG: |   return 0;
[INFO] [stderr]   DEBUG: | }
[INFO] [stderr]   DEBUG: Executing: `/usr/bin/g++ -Werror -Wgnu-zero-variadic-macro-arguments -c -c /tmp/conftest.WUJ14X.cpp`
[INFO] [stderr]   DEBUG: The command returned non-zero exit status 1.
[INFO] [stderr]   DEBUG: Its error output was:
[INFO] [stderr]   DEBUG: | g++: error: unrecognized command line option '-Wgnu-zero-variadic-macro-arguments'
[INFO] [stderr]   INFO: no
[INFO] [stderr]   INFO: checking whether the C++ compiler supports -Wno-noexcept-type... 
[INFO] [stderr]   DEBUG: Creating `/tmp/conftest.YA5Y8y.cpp` with content:
[INFO] [stderr]   DEBUG: | 
[INFO] [stderr]   DEBUG: | int
[INFO] [stderr]   DEBUG: | main(void)
[INFO] [stderr]   DEBUG: | {
[INFO] [stderr]   DEBUG: | 
[INFO] [stderr]   DEBUG: |   ;
[INFO] [stderr]   DEBUG: |   return 0;
[INFO] [stderr]   DEBUG: | }
[INFO] [stderr]   DEBUG: Executing: `/usr/bin/g++ -Werror -Wnoexcept-type -c /tmp/conftest.YA5Y8y.cpp`
[INFO] [stderr]   INFO: yes
[INFO] [stderr]   INFO: checking whether the C++ compiler supports -fno-sized-deallocation... 
[INFO] [stderr]   DEBUG: Creating `/tmp/conftest.PiI7_y.cpp` with content:
[INFO] [stderr]   DEBUG: | 
[INFO] [stderr]   DEBUG: | int
[INFO] [stderr]   DEBUG: | main(void)
[INFO] [stderr]   DEBUG: | {
[INFO] [stderr]   DEBUG: | 
[INFO] [stderr]   DEBUG: |   ;
[INFO] [stderr]   DEBUG: |   return 0;
[INFO] [stderr]   DEBUG: | }
[INFO] [stderr]   DEBUG: Executing: `/usr/bin/g++ -Werror -fno-sized-deallocation -c /tmp/conftest.PiI7_y.cpp`
[INFO] [stderr]   INFO: yes
[INFO] [stderr]   INFO: checking for awk... 
[INFO] [stderr]   DEBUG: awk: Trying gawk
[INFO] [stderr]   DEBUG: awk: Trying mawk
[INFO] [stderr]   INFO: /usr/bin/mawk
[INFO] [stderr]   INFO: checking for perl... 
[INFO] [stderr]   DEBUG: perl: Trying perl5
[INFO] [stderr]   DEBUG: perl: Trying perl
[INFO] [stderr]   INFO: /usr/bin/perl
[INFO] [stderr]   INFO: checking for minimum required perl version >= 5.006... 
[INFO] [stderr]   DEBUG: Executing: `/usr/bin/perl -e 'print $]'`
[INFO] [stderr]   INFO: 5.030000
[INFO] [stderr]   INFO: checking for full perl installation... 
[INFO] [stderr]   INFO: yes
[INFO] [stderr]   INFO: checking for gmake... 
[INFO] [stderr]   DEBUG: gmake: Trying gmake
[INFO] [stderr]   DEBUG: gmake: Trying make
[INFO] [stderr]   INFO: /usr/bin/make
[INFO] [stderr]   INFO: checking for watchman... 
[INFO] [stderr]   INFO: not found
[INFO] [stderr]   INFO: checking for xargs... 
[INFO] [stderr]   DEBUG: xargs: Trying xargs
[INFO] [stderr]   INFO: /usr/bin/xargs
[INFO] [stderr]   INFO: checking for rpmbuild... 
[INFO] [stderr]   DEBUG: rpmbuild: Trying rpmbuild
[INFO] [stderr]   INFO: not found
[INFO] [stderr]   INFO: checking for autoconf... 
[INFO] [stderr]   ERROR: Could not find autoconf 2.13
[INFO] [stderr] 
[INFO] [stderr]   --- stderr
[INFO] [stderr]   ERROR: Could not find autoconf 2.13
[INFO] [stderr]   make: *** [makefile.cargo:183: maybe-configure] Error 1
[INFO] [stderr]   thread 'main' panicked at 'assertion failed: result.success()', /opt/rustwide/cargo-home/registry/src/github.com-1ecc6299db9ec823/mozjs_sys-0.61.13/build.rs:142:5
[INFO] [stderr]   stack backtrace:
[INFO] [stderr]      0:     0x563b4ad7de55 - backtrace::backtrace::libunwind::trace::h5e2646fa3eddf2ea
[INFO] [stderr]                                  at /cargo/registry/src/github.com-1ecc6299db9ec823/backtrace-0.3.46/src/backtrace/libunwind.rs:86
[INFO] [stderr]      1:     0x563b4ad7de55 - backtrace::backtrace::trace_unsynchronized::hb95dd7f77ce47877
[INFO] [stderr]                                  at /cargo/registry/src/github.com-1ecc6299db9ec823/backtrace-0.3.46/src/backtrace/mod.rs:66
[INFO] [stderr]      2:     0x563b4ad7de55 - std::sys_common::backtrace::_print_fmt::h5e71b67af43fd70d
[INFO] [stderr]                                  at src/libstd/sys_common/backtrace.rs:78
[INFO] [stderr]      3:     0x563b4ad7de55 - <std::sys_common::backtrace::_print::DisplayBacktrace as core::fmt::Display>::fmt::hdb4a83d2b61107e5
[INFO] [stderr]                                  at src/libstd/sys_common/backtrace.rs:59
[INFO] [stderr]      4:     0x563b4adaa43c - core::fmt::write::ha20e7262fa3e8a7a
[INFO] [stderr]                                  at src/libcore/fmt/mod.rs:1076
[INFO] [stderr]      5:     0x563b4ad79922 - std::io::Write::write_fmt::h1aebfe8a5a79e36d
[INFO] [stderr]                                  at src/libstd/io/mod.rs:1537
[INFO] [stderr]      6:     0x563b4ad81be0 - std::sys_common::backtrace::_print::h9c07314cc66ba539
[INFO] [stderr]                                  at src/libstd/sys_common/backtrace.rs:62
[INFO] [stderr]      7:     0x563b4ad81be0 - std::sys_common::backtrace::print::hd1fd65f49a2d8544
[INFO] [stderr]                                  at src/libstd/sys_common/backtrace.rs:49
[INFO] [stderr]      8:     0x563b4ad81be0 - std::panicking::default_hook::{{closure}}::h222da46485ab36fc
[INFO] [stderr]                                  at src/libstd/panicking.rs:198
[INFO] [stderr]      9:     0x563b4ad8192c - std::panicking::default_hook::hc5868949d129ed00
[INFO] [stderr]                                  at src/libstd/panicking.rs:217
[INFO] [stderr]     10:     0x563b4ad82223 - std::panicking::rust_panic_with_hook::h26a6ab8b0993c0c8
[INFO] [stderr]                                  at src/libstd/panicking.rs:526
[INFO] [stderr]     11:     0x563b4abfb1a9 - std::panicking::begin_panic::h94531ec45503070f
[INFO] [stderr]                                  at /rustc/cfbc6d4cf1acbac5c025acf8ed68929caa551df3/src/libstd/panicking.rs:456
[INFO] [stderr]     12:     0x563b4a788c91 - build_script_build::build_jsapi::h5dc179cb0bf8fbc6
[INFO] [stderr]                                  at /opt/rustwide/cargo-home/registry/src/github.com-1ecc6299db9ec823/mozjs_sys-0.61.13/build.rs:142
[INFO] [stderr]     13:     0x563b4a787ebd - build_script_build::main::h230d449ad2e66591
[INFO] [stderr]                                  at /opt/rustwide/cargo-home/registry/src/github.com-1ecc6299db9ec823/mozjs_sys-0.61.13/build.rs:48
[INFO] [stderr]     14:     0x563b4a793d4b - std::rt::lang_start::{{closure}}::hbb7e6bde65968101
[INFO] [stderr]                                  at /rustc/cfbc6d4cf1acbac5c025acf8ed68929caa551df3/src/libstd/rt.rs:67
[INFO] [stderr]     15:     0x563b4ad825f3 - std::rt::lang_start_internal::{{closure}}::h84a998219831fa70
[INFO] [stderr]                                  at src/libstd/rt.rs:52
[INFO] [stderr]     16:     0x563b4ad825f3 - std::panicking::try::do_call::he8e1d689a3e26def
[INFO] [stderr]                                  at src/libstd/panicking.rs:348
[INFO] [stderr]     17:     0x563b4ad825f3 - std::panicking::try::h264b6eebc2fa7bbf
[INFO] [stderr]                                  at src/libstd/panicking.rs:325
[INFO] [stderr]     18:     0x563b4ad825f3 - std::panic::catch_unwind::hbf28fafa723b2128
[INFO] [stderr]                                  at src/libstd/panic.rs:394
[INFO] [stderr]     19:     0x563b4ad825f3 - std::rt::lang_start_internal::he959aa59bc3ec202
[INFO] [stderr]                                  at src/libstd/rt.rs:51
[INFO] [stderr]     20:     0x563b4a793d27 - std::rt::lang_start::haa6d49a19542b362
[INFO] [stderr]                                  at /rustc/cfbc6d4cf1acbac5c025acf8ed68929caa551df3/src/libstd/rt.rs:67
[INFO] [stderr]     21:     0x563b4a78bdfa - main
[INFO] [stderr]     22:     0x7f9016dac0b3 - __libc_start_main
[INFO] [stderr]     23:     0x563b4a7871ae - _start
[INFO] [stderr]     24:                0x0 - <unknown>
[INFO] running `Command { std: "docker" "inspect" "d0b59428f564f2a3344ad0187a8ee92e4673c065b2620aaa16cf87abba500800", kill_on_drop: false }`
[INFO] running `Command { std: "docker" "rm" "-f" "d0b59428f564f2a3344ad0187a8ee92e4673c065b2620aaa16cf87abba500800", kill_on_drop: false }`
[INFO] [stdout] d0b59428f564f2a3344ad0187a8ee92e4673c065b2620aaa16cf87abba500800
